{"id":60,"date":"2018-01-16T17:59:54","date_gmt":"2018-01-16T17:59:54","guid":{"rendered":"http:\/\/fundacionperiodismo.org\/primera-plana\/?page_id=60"},"modified":"2020-10-08T17:04:03","modified_gmt":"2020-10-08T17:04:03","slug":"cual-es-el-tema","status":"publish","type":"page","link":"http:\/\/fundacionperiodismo.org\/primera-plana\/cual-es-el-tema\/","title":{"rendered":"\u00bfCu\u00e1l es el tema?"},"content":{"rendered":"<p>&nbsp;<\/p>\n<h3 style=\"text-align: center;\"><a href=\"https:\/\/fundacionperiodismo.org\/primera-plana-periodismo-de-investigacion-online\/\">\u00a1Ingresa a ver la convocatoria!<\/a><\/h3>\n<p>Primera Plana es un programa diferente, donde los participantes se esfuerzan por cumplir una meta acad\u00e9mica y participar en la competencia que en esta cuarta versi\u00f3n ser\u00e1 online<\/p>\n<p>La invitaci\u00f3n para participar en reality Primera Plana se envi\u00f3 a la carrera de comunicaci\u00f3n de todas las universidades de Bolivia. Estamos atentos a tus postulaci\u00f3n.<\/p>\n<h3 style=\"text-align: center;\"><\/h3>\n<p>&nbsp;<\/p>\n<p>&nbsp;<\/p>\n","protected":false},"excerpt":{"rendered":"<p>&nbsp; \u00a1Ingresa a ver la convocatoria! Primera Plana es un programa diferente, donde los participantes se esfuerzan por cumplir una meta acad\u00e9mica y participar en la competencia que en esta cuarta versi\u00f3n ser\u00e1 online La invitaci\u00f3n para participar en reality Primera Plana se envi\u00f3 a la carrera de comunicaci\u00f3n de todas las universidades de Bolivia.&hellip; <br \/> <a class=\"button small blue\" href=\"http:\/\/fundacionperiodismo.org\/primera-plana\/cual-es-el-tema\/\">Leer m\u00e1s<\/a><\/p>\n","protected":false},"author":1,"featured_media":0,"parent":0,"menu_order":0,"comment_status":"closed","ping_status":"closed","template":"","meta":{"footnotes":""},"class_list":["post-60","page","type-page","status-publish","hentry"],"_links":{"self":[{"href":"http:\/\/fundacionperiodismo.org\/primera-plana\/wp-json\/wp\/v2\/pages\/60","targetHints":{"allow":["GET"]}}],"collection":[{"href":"http:\/\/fundacionperiodismo.org\/primera-plana\/wp-json\/wp\/v2\/pages"}],"about":[{"href":"http:\/\/fundacionperiodismo.org\/primera-plana\/wp-json\/wp\/v2\/types\/page"}],"author":[{"embeddable":true,"href":"http:\/\/fundacionperiodismo.org\/primera-plana\/wp-json\/wp\/v2\/users\/1"}],"replies":[{"embeddable":true,"href":"http:\/\/fundacionperiodismo.org\/primera-plana\/wp-json\/wp\/v2\/comments?post=60"}],"version-history":[{"count":5,"href":"http:\/\/fundacionperiodismo.org\/primera-plana\/wp-json\/wp\/v2\/pages\/60\/revisions"}],"predecessor-version":[{"id":953,"href":"http:\/\/fundacionperiodismo.org\/primera-plana\/wp-json\/wp\/v2\/pages\/60\/revisions\/953"}],"wp:attachment":[{"href":"http:\/\/fundacionperiodismo.org\/primera-plana\/wp-json\/wp\/v2\/media?parent=60"}],"curies":[{"name":"wp","href":"https:\/\/api.w.org\/{rel}","templated":true}]}}