{"id":7,"date":"2023-04-17T14:50:39","date_gmt":"2023-04-17T14:50:39","guid":{"rendered":"https:\/\/fundacionperiodismo.org\/cambio-climatico-bolivia\/?page_id=7"},"modified":"2023-05-10T21:13:51","modified_gmt":"2023-05-10T21:13:51","slug":"nosotros","status":"publish","type":"page","link":"https:\/\/fundacionperiodismo.org\/cambio-climatico-bolivia\/nosotros\/","title":{"rendered":"Nosotros"},"content":{"rendered":"<body><p><strong>La Fundaci\u00f3n para el Periodismo<\/strong> es una organizaci\u00f3n sin fines de lucro comprometida con la sociedad, la democracia y los derechos humanos. Fue creada el 2008 con el objetivo de mejorar las capacidades de los periodistas y de fortalecer a los medios de comunicaci\u00f3n.<\/p>\n<p>En este marco, la instituci\u00f3n promueve la pr\u00e1ctica de un periodismo de calidad a trav\u00e9s de la capacitaci\u00f3n y formaci\u00f3n de nuevos profesionales. En sus 15 a\u00f1os de existencia, m\u00e1s de 12 mil periodistas han participado en alguno de sus programas.<\/p>\n<p class=\"lead\"><span><span class=\"\"><strong>Meedan<\/strong> es una tecnolog\u00eda global sin fines de lucro que crea software e iniciativas program\u00e1ticas para fortalecer el periodismo, la alfabetizaci\u00f3n digital y la accesibilidad de la informaci\u00f3n en l\u00ednea y fuera de l\u00ednea.<\/span><\/span><\/p>\n<p class=\"lead\"><span>Desarrolla herramientas de c\u00f3digo abierto para crear y compartir contexto en medios digitales a trav\u00e9s de anotaciones, verificaci\u00f3n, archivo y traducci\u00f3n.<\/span><\/p>\n<p><strong>Cambio Clim\u00e1tico y desinformaci\u00f3n<\/strong><\/p>\n<p>El cambio clim\u00e1tico es un fen\u00f3meno global que produce impactos en todo el planeta, como el derretimiento de los hielos y el aumento del nivel del mar, una mayor intensidad y frecuencia de tormentas y fen\u00f3menos clim\u00e1ticos, produciendo impactos negativos y p\u00e9rdidas en los ecosistemas.<\/p>\n<p>La desinformaci\u00f3n es cualquier informaci\u00f3n falsa o enga\u00f1osa que se crea o se comparte con la intenci\u00f3n de enga\u00f1ar a otros. La desinformaci\u00f3n sobre el cambio clim\u00e1tico es un problema importante, ya que puede llevar a que se tomen decisiones equivocadas o se ignoren soluciones importantes. Algunas formas comunes de desinformaci\u00f3n sobre el cambio clim\u00e1tico incluyen:<\/p>\n<ul>\n<li>Negaci\u00f3n del cambio clim\u00e1tico: Esta es una forma com\u00fan de desinformaci\u00f3n en la que se niega la existencia del cambio clim\u00e1tico o se cuestiona su impacto. La negaci\u00f3n del cambio clim\u00e1tico a menudo se basa en afirmaciones falsas o enga\u00f1osas y puede ser promovida por aquellos con intereses econ\u00f3micos o pol\u00edticos.<\/li>\n<li>Creaci\u00f3n de teor\u00edas de conspiraci\u00f3n: Otra forma com\u00fan de desinformaci\u00f3n sobre el cambio clim\u00e1tico es la creaci\u00f3n de teor\u00edas de conspiraci\u00f3n, en las que se afirma que la ciencia del cambio clim\u00e1tico es una conspiraci\u00f3n dise\u00f1ada para controlar a la poblaci\u00f3n o beneficiar a ciertos grupos.<\/li>\n<li>Manipulaci\u00f3n de datos: La manipulaci\u00f3n de datos es otra forma com\u00fan de desinformaci\u00f3n sobre el cambio clim\u00e1tico. Esto puede incluir la selecci\u00f3n selectiva de datos o la presentaci\u00f3n de datos de manera enga\u00f1osa para respaldar ciertas posiciones.<\/li>\n<\/ul>\n<\/body>","protected":false},"excerpt":{"rendered":"<p>La Fundaci\u00f3n para el Periodismo es una organizaci\u00f3n sin fines de lucro comprometida con la sociedad, la democracia y los derechos humanos. Fue creada el 2008 con el objetivo de mejorar las capacidades de los periodistas y de fortalecer a los medios de comunicaci\u00f3n. En este marco, la instituci\u00f3n promueve la pr\u00e1ctica de un periodismo [&hellip;]<\/p>\n","protected":false},"author":1,"featured_media":0,"parent":0,"menu_order":0,"comment_status":"closed","ping_status":"closed","template":"","meta":{"om_disable_all_campaigns":false,"_monsterinsights_skip_tracking":false,"_monsterinsights_sitenote_active":false,"_monsterinsights_sitenote_note":"","_monsterinsights_sitenote_category":0,"_uf_show_specific_survey":0,"_uf_disable_surveys":false,"footnotes":""},"class_list":["post-7","page","type-page","status-publish","hentry"],"aioseo_notices":[],"jetpack_sharing_enabled":true,"_links":{"self":[{"href":"https:\/\/fundacionperiodismo.org\/cambio-climatico-bolivia\/wp-json\/wp\/v2\/pages\/7","targetHints":{"allow":["GET"]}}],"collection":[{"href":"https:\/\/fundacionperiodismo.org\/cambio-climatico-bolivia\/wp-json\/wp\/v2\/pages"}],"about":[{"href":"https:\/\/fundacionperiodismo.org\/cambio-climatico-bolivia\/wp-json\/wp\/v2\/types\/page"}],"author":[{"embeddable":true,"href":"https:\/\/fundacionperiodismo.org\/cambio-climatico-bolivia\/wp-json\/wp\/v2\/users\/1"}],"replies":[{"embeddable":true,"href":"https:\/\/fundacionperiodismo.org\/cambio-climatico-bolivia\/wp-json\/wp\/v2\/comments?post=7"}],"version-history":[{"count":3,"href":"https:\/\/fundacionperiodismo.org\/cambio-climatico-bolivia\/wp-json\/wp\/v2\/pages\/7\/revisions"}],"predecessor-version":[{"id":73,"href":"https:\/\/fundacionperiodismo.org\/cambio-climatico-bolivia\/wp-json\/wp\/v2\/pages\/7\/revisions\/73"}],"wp:attachment":[{"href":"https:\/\/fundacionperiodismo.org\/cambio-climatico-bolivia\/wp-json\/wp\/v2\/media?parent=7"}],"curies":[{"name":"wp","href":"https:\/\/api.w.org\/{rel}","templated":true}]}}