{"id":11845,"date":"2023-12-12T20:20:19","date_gmt":"2023-12-12T20:20:19","guid":{"rendered":"https:\/\/fundacionperiodismo.org\/derecho-informacion-comunicacion\/?page_id=11845"},"modified":"2023-12-12T20:20:36","modified_gmt":"2023-12-12T20:20:36","slug":"videos","status":"publish","type":"page","link":"https:\/\/fundacionperiodismo.org\/derecho-informacion-comunicacion\/videos\/","title":{"rendered":"Videos"},"content":{"rendered":"<body><p style=\"text-align: center;\"><iframe loading=\"lazy\" title=\"YouTube video player\" src=\"https:\/\/www.youtube.com\/embed\/videoseries?si=94NoSOzax0bE2TJ4&amp;list=PL5NtJkMKd9SEj78g12q5pC3NoBLSkdmFW\" width=\"560\" height=\"315\" frameborder=\"0\" allowfullscreen=\"allowfullscreen\"><\/iframe><\/p>\n<hr>\n<p style=\"text-align: center;\"><iframe loading=\"lazy\" title=\"YouTube video player\" src=\"https:\/\/www.youtube.com\/embed\/videoseries?si=Fou2pgWiVDBK1xgE&amp;list=PL5NtJkMKd9SGJKHtLN16jKSKSyXUsoa_j\" width=\"560\" height=\"315\" frameborder=\"0\" allowfullscreen=\"allowfullscreen\"><\/iframe><\/p>\n<hr>\n<p style=\"text-align: center;\"><iframe loading=\"lazy\" title=\"YouTube video player\" src=\"https:\/\/www.youtube.com\/embed\/videoseries?si=dVrVmA8S3ugsVB6m&amp;list=PL5NtJkMKd9SEvGylWaNcIs8DgJXySXzxA\" width=\"560\" height=\"315\" frameborder=\"0\" allowfullscreen=\"allowfullscreen\"><\/iframe><\/p>\n<\/body>","protected":false},"excerpt":{"rendered":"","protected":false},"author":1,"featured_media":0,"parent":0,"menu_order":0,"comment_status":"closed","ping_status":"closed","template":"","meta":{"om_disable_all_campaigns":false,"footnotes":""},"class_list":["post-11845","page","type-page","status-publish"],"yoast_head":"<!-- This site is optimized with the Yoast SEO plugin v27.3 - https:\/\/yoast.com\/product\/yoast-seo-wordpress\/ -->\n<title>Videos - Derecho a la Informaci\u00f3n y Comunicaci\u00f3n<\/title>\n<meta name=\"robots\" content=\"index, follow, max-snippet:-1, max-image-preview:large, max-video-preview:-1\" \/>\n<link rel=\"canonical\" href=\"https:\/\/fundacionperiodismo.org\/derecho-informacion-comunicacion\/videos\/\" \/>\n<meta property=\"og:locale\" content=\"es_ES\" \/>\n<meta property=\"og:type\" content=\"article\" \/>\n<meta property=\"og:title\" content=\"Videos - Derecho a la Informaci\u00f3n y Comunicaci\u00f3n\" \/>\n<meta property=\"og:url\" content=\"https:\/\/fundacionperiodismo.org\/derecho-informacion-comunicacion\/videos\/\" \/>\n<meta property=\"og:site_name\" content=\"Derecho a la Informaci\u00f3n y Comunicaci\u00f3n\" \/>\n<meta property=\"article:publisher\" content=\"https:\/\/www.facebook.com\/FundacionParaelPeriodismo\/\" \/>\n<meta property=\"article:modified_time\" content=\"2023-12-12T20:20:36+00:00\" \/>\n<meta name=\"twitter:card\" content=\"summary_large_image\" \/>\n<meta name=\"twitter:site\" content=\"@Fperiodismo\" \/>\n<script type=\"application\/ld+json\" class=\"yoast-schema-graph\">{\"@context\":\"https:\\\/\\\/schema.org\",\"@graph\":[{\"@type\":\"WebPage\",\"@id\":\"https:\\\/\\\/fundacionperiodismo.org\\\/derecho-informacion-comunicacion\\\/videos\\\/\",\"url\":\"https:\\\/\\\/fundacionperiodismo.org\\\/derecho-informacion-comunicacion\\\/videos\\\/\",\"name\":\"Videos - Derecho a la Informaci\u00f3n y Comunicaci\u00f3n\",\"isPartOf\":{\"@id\":\"https:\\\/\\\/fundacionperiodismo.org\\\/derecho-informacion-comunicacion\\\/#website\"},\"datePublished\":\"2023-12-12T20:20:19+00:00\",\"dateModified\":\"2023-12-12T20:20:36+00:00\",\"breadcrumb\":{\"@id\":\"https:\\\/\\\/fundacionperiodismo.org\\\/derecho-informacion-comunicacion\\\/videos\\\/#breadcrumb\"},\"inLanguage\":\"es\",\"potentialAction\":[{\"@type\":\"ReadAction\",\"target\":[\"https:\\\/\\\/fundacionperiodismo.org\\\/derecho-informacion-comunicacion\\\/videos\\\/\"]}]},{\"@type\":\"BreadcrumbList\",\"@id\":\"https:\\\/\\\/fundacionperiodismo.org\\\/derecho-informacion-comunicacion\\\/videos\\\/#breadcrumb\",\"itemListElement\":[{\"@type\":\"ListItem\",\"position\":1,\"name\":\"Portada\",\"item\":\"https:\\\/\\\/fundacionperiodismo.org\\\/derecho-informacion-comunicacion\\\/\"},{\"@type\":\"ListItem\",\"position\":2,\"name\":\"Videos\"}]},{\"@type\":\"WebSite\",\"@id\":\"https:\\\/\\\/fundacionperiodismo.org\\\/derecho-informacion-comunicacion\\\/#website\",\"url\":\"https:\\\/\\\/fundacionperiodismo.org\\\/derecho-informacion-comunicacion\\\/\",\"name\":\"Derecho a la Informaci\u00f3n y Comunicaci\u00f3n\",\"description\":\"Reflexionar a la opini\u00f3n p\u00fablica sobre la aprobaci\u00f3n de la Ley de Acceso a la Informaci\u00f3n\",\"publisher\":{\"@id\":\"https:\\\/\\\/fundacionperiodismo.org\\\/derecho-informacion-comunicacion\\\/#organization\"},\"potentialAction\":[{\"@type\":\"SearchAction\",\"target\":{\"@type\":\"EntryPoint\",\"urlTemplate\":\"https:\\\/\\\/fundacionperiodismo.org\\\/derecho-informacion-comunicacion\\\/?s={search_term_string}\"},\"query-input\":{\"@type\":\"PropertyValueSpecification\",\"valueRequired\":true,\"valueName\":\"search_term_string\"}}],\"inLanguage\":\"es\"},{\"@type\":\"Organization\",\"@id\":\"https:\\\/\\\/fundacionperiodismo.org\\\/derecho-informacion-comunicacion\\\/#organization\",\"name\":\"Derecho a la Informaci\u00f3n y Comunicaci\u00f3n\",\"url\":\"https:\\\/\\\/fundacionperiodismo.org\\\/derecho-informacion-comunicacion\\\/\",\"logo\":{\"@type\":\"ImageObject\",\"inLanguage\":\"es\",\"@id\":\"https:\\\/\\\/fundacionperiodismo.org\\\/derecho-informacion-comunicacion\\\/#\\\/schema\\\/logo\\\/image\\\/\",\"url\":\"https:\\\/\\\/i0.wp.com\\\/fundacionperiodismo.org\\\/derecho-informacion-comunicacion\\\/wp-content\\\/uploads\\\/2022\\\/07\\\/logo-DIC.png?fit=656%2C330&ssl=1\",\"contentUrl\":\"https:\\\/\\\/i0.wp.com\\\/fundacionperiodismo.org\\\/derecho-informacion-comunicacion\\\/wp-content\\\/uploads\\\/2022\\\/07\\\/logo-DIC.png?fit=656%2C330&ssl=1\",\"width\":656,\"height\":330,\"caption\":\"Derecho a la Informaci\u00f3n y Comunicaci\u00f3n\"},\"image\":{\"@id\":\"https:\\\/\\\/fundacionperiodismo.org\\\/derecho-informacion-comunicacion\\\/#\\\/schema\\\/logo\\\/image\\\/\"},\"sameAs\":[\"https:\\\/\\\/www.facebook.com\\\/FundacionParaelPeriodismo\\\/\",\"https:\\\/\\\/x.com\\\/Fperiodismo\"]}]}<\/script>\n<!-- \/ Yoast SEO plugin. -->","yoast_head_json":{"title":"Videos - Derecho a la Informaci\u00f3n y Comunicaci\u00f3n","robots":{"index":"index","follow":"follow","max-snippet":"max-snippet:-1","max-image-preview":"max-image-preview:large","max-video-preview":"max-video-preview:-1"},"canonical":"https:\/\/fundacionperiodismo.org\/derecho-informacion-comunicacion\/videos\/","og_locale":"es_ES","og_type":"article","og_title":"Videos - Derecho a la Informaci\u00f3n y Comunicaci\u00f3n","og_url":"https:\/\/fundacionperiodismo.org\/derecho-informacion-comunicacion\/videos\/","og_site_name":"Derecho a la Informaci\u00f3n y Comunicaci\u00f3n","article_publisher":"https:\/\/www.facebook.com\/FundacionParaelPeriodismo\/","article_modified_time":"2023-12-12T20:20:36+00:00","twitter_card":"summary_large_image","twitter_site":"@Fperiodismo","schema":{"@context":"https:\/\/schema.org","@graph":[{"@type":"WebPage","@id":"https:\/\/fundacionperiodismo.org\/derecho-informacion-comunicacion\/videos\/","url":"https:\/\/fundacionperiodismo.org\/derecho-informacion-comunicacion\/videos\/","name":"Videos - Derecho a la Informaci\u00f3n y Comunicaci\u00f3n","isPartOf":{"@id":"https:\/\/fundacionperiodismo.org\/derecho-informacion-comunicacion\/#website"},"datePublished":"2023-12-12T20:20:19+00:00","dateModified":"2023-12-12T20:20:36+00:00","breadcrumb":{"@id":"https:\/\/fundacionperiodismo.org\/derecho-informacion-comunicacion\/videos\/#breadcrumb"},"inLanguage":"es","potentialAction":[{"@type":"ReadAction","target":["https:\/\/fundacionperiodismo.org\/derecho-informacion-comunicacion\/videos\/"]}]},{"@type":"BreadcrumbList","@id":"https:\/\/fundacionperiodismo.org\/derecho-informacion-comunicacion\/videos\/#breadcrumb","itemListElement":[{"@type":"ListItem","position":1,"name":"Portada","item":"https:\/\/fundacionperiodismo.org\/derecho-informacion-comunicacion\/"},{"@type":"ListItem","position":2,"name":"Videos"}]},{"@type":"WebSite","@id":"https:\/\/fundacionperiodismo.org\/derecho-informacion-comunicacion\/#website","url":"https:\/\/fundacionperiodismo.org\/derecho-informacion-comunicacion\/","name":"Derecho a la Informaci\u00f3n y Comunicaci\u00f3n","description":"Reflexionar a la opini\u00f3n p\u00fablica sobre la aprobaci\u00f3n de la Ley de Acceso a la Informaci\u00f3n","publisher":{"@id":"https:\/\/fundacionperiodismo.org\/derecho-informacion-comunicacion\/#organization"},"potentialAction":[{"@type":"SearchAction","target":{"@type":"EntryPoint","urlTemplate":"https:\/\/fundacionperiodismo.org\/derecho-informacion-comunicacion\/?s={search_term_string}"},"query-input":{"@type":"PropertyValueSpecification","valueRequired":true,"valueName":"search_term_string"}}],"inLanguage":"es"},{"@type":"Organization","@id":"https:\/\/fundacionperiodismo.org\/derecho-informacion-comunicacion\/#organization","name":"Derecho a la Informaci\u00f3n y Comunicaci\u00f3n","url":"https:\/\/fundacionperiodismo.org\/derecho-informacion-comunicacion\/","logo":{"@type":"ImageObject","inLanguage":"es","@id":"https:\/\/fundacionperiodismo.org\/derecho-informacion-comunicacion\/#\/schema\/logo\/image\/","url":"https:\/\/i0.wp.com\/fundacionperiodismo.org\/derecho-informacion-comunicacion\/wp-content\/uploads\/2022\/07\/logo-DIC.png?fit=656%2C330&ssl=1","contentUrl":"https:\/\/i0.wp.com\/fundacionperiodismo.org\/derecho-informacion-comunicacion\/wp-content\/uploads\/2022\/07\/logo-DIC.png?fit=656%2C330&ssl=1","width":656,"height":330,"caption":"Derecho a la Informaci\u00f3n y Comunicaci\u00f3n"},"image":{"@id":"https:\/\/fundacionperiodismo.org\/derecho-informacion-comunicacion\/#\/schema\/logo\/image\/"},"sameAs":["https:\/\/www.facebook.com\/FundacionParaelPeriodismo\/","https:\/\/x.com\/Fperiodismo"]}]}},"jetpack_sharing_enabled":true,"_links":{"self":[{"href":"https:\/\/fundacionperiodismo.org\/derecho-informacion-comunicacion\/wp-json\/wp\/v2\/pages\/11845","targetHints":{"allow":["GET"]}}],"collection":[{"href":"https:\/\/fundacionperiodismo.org\/derecho-informacion-comunicacion\/wp-json\/wp\/v2\/pages"}],"about":[{"href":"https:\/\/fundacionperiodismo.org\/derecho-informacion-comunicacion\/wp-json\/wp\/v2\/types\/page"}],"author":[{"embeddable":true,"href":"https:\/\/fundacionperiodismo.org\/derecho-informacion-comunicacion\/wp-json\/wp\/v2\/users\/1"}],"replies":[{"embeddable":true,"href":"https:\/\/fundacionperiodismo.org\/derecho-informacion-comunicacion\/wp-json\/wp\/v2\/comments?post=11845"}],"version-history":[{"count":2,"href":"https:\/\/fundacionperiodismo.org\/derecho-informacion-comunicacion\/wp-json\/wp\/v2\/pages\/11845\/revisions"}],"predecessor-version":[{"id":11847,"href":"https:\/\/fundacionperiodismo.org\/derecho-informacion-comunicacion\/wp-json\/wp\/v2\/pages\/11845\/revisions\/11847"}],"wp:attachment":[{"href":"https:\/\/fundacionperiodismo.org\/derecho-informacion-comunicacion\/wp-json\/wp\/v2\/media?parent=11845"}],"curies":[{"name":"wp","href":"https:\/\/api.w.org\/{rel}","templated":true}]}}