{"id":942,"date":"2022-02-07T20:22:20","date_gmt":"2022-02-07T20:22:20","guid":{"rendered":"https:\/\/fundacionperiodismo.org\/diplomado-digital-2021\/?page_id=942"},"modified":"2022-02-14T18:01:40","modified_gmt":"2022-02-14T18:01:40","slug":"presentacion-2","status":"publish","type":"page","link":"https:\/\/fundacionperiodismo.org\/diplomado-digital-2021\/presentacion-2\/","title":{"rendered":"\u00bfQui\u00e9nes somos?"},"content":{"rendered":"<p style=\"text-align: center;\"><strong><em>\u00a0 \u00a0 \u00a0\u00a0 PRESENTACI\u00d3N<\/em><\/strong><\/p>\n<p>La pandemia del Covid-19 ahond\u00f3 la crisis y aceler\u00f3 a medios como la radio, la televisi\u00f3n y el peri\u00f3dico a repensar sus formas de difusi\u00f3n de contenidos y de informaci\u00f3n, volc\u00e1ndose a las plataformas digitales y a las redes sociales, que cobraron mayor fuerza en su uso por parte de la poblaci\u00f3n.<\/p>\n<p>Este cambio tambi\u00e9n tuvo sus efectos particulares en el ejercicio diario de las y los periodistas, quienes al igual que profesores, m\u00e9dicos u otros profesionales tuvieron que migrar a la digitalizaci\u00f3n de sus servicios. En el caso period\u00edstico, supuso una nueva forma de elaborar, estructurar y difundir las noticias, tomando en cuenta las formas de consumo de las audiencias.<\/p>\n<p>Es por eso que los diferentes medios adecuaron sus contendidos a la web, pero no s\u00f3lo se trata de ello, sino tambi\u00e9n darle un sentido y mayor profundidad a las historias que narran, m\u00e1s a\u00fan por la vertiginosidad e inmediatez de la noticia. El periodista argentino Juan Mascardi, que fue parte del presente Diplomado de Periodismo Digital, lo dec\u00eda en una de sus sesiones: ahora se trata de saber contar o narrar una buena historia.<\/p>\n<p>Hoy en d\u00eda los medios y los periodistas independientes se ven en la necesidad de contar en su equipo de trabajo con profesionales que tengan habilidades digitales. Ya no se puede concebir el ejercicio period\u00edstico alejado de las nuevas tecnolog\u00edas. Un periodismo m\u00e1s visual o multimedia, trabajados en diferentes formatos, puede ayudar a acercarnos a las audiencias y comprender sus formas de consumo. Fabiola Chambi, periodista digital, tambi\u00e9n comparti\u00f3 en el presente diplomado que las herramientas digitales posibilitan mejorar la narraci\u00f3n de una historia en formatos m\u00e1s cercanos al p\u00fablico. Es importante conocer cu\u00e1l es la intenci\u00f3n u objetivo al momento de construir y difundir un determinado contenido a trav\u00e9s de las diversas plataformas digitales.<\/p>\n<p>Es por eso que el objetivo principal del Diplomado de Periodismo Digital fue que los periodistas comprendan la necesidad de estructurar y planificar contenidos a partir de las necesidades de las audiencias, partiendo de ellas, para despu\u00e9s elegir los formatos m\u00e1s adecuados para su difusi\u00f3n en la web. De nada sirve que una noticia sea est\u00e9ticamente bonita si carece de un contenido veraz, oportuno y de alto valor noticioso para la audiencia.<\/p>\n<p>A consecuencia de eso la Fundaci\u00f3n para el Periodismo, con el apoyo de la DW Akademie y de la Cooperaci\u00f3n Alemana en Bolivia, lanz\u00f3 el Diplomado en Periodismo Digital, el cual permiti\u00f3 que 32 periodistas de diferentes partes del pa\u00eds se capaciten y se actualicen en periodismo transmedia, storytelling, herramientas digitales, redes sociales, marketing digital, marca personal e innovaci\u00f3n period\u00edstica durante cinco m\u00f3dulos que se llevaron adelante de noviembre de 2021 a marzo de 2022.<\/p>\n<p>Atravesados los cinco m\u00f3dulos, los participantes adquirieron conocimientos que les permiten informar y construir mensajes desde una narrativa acorde a la realidad comunicacional, utilizando diversas herramientas tecnol\u00f3gicas y digitales, como tambi\u00e9n la planificaci\u00f3n estrat\u00e9gica para el empleo de redes sociales y las posibilidades de encarar un proceso de creaci\u00f3n de proyectos period\u00edsticos.<\/p>\n<p>Del diplomado participaron capacitadoras\/es nacionales e internacionales especialistas en cada \u00e1rea del periodismo digital:<\/p>\n<p style=\"text-align: center;\"><strong><em>DOCENTES<\/em><\/strong><\/p>\n<table>\n<tbody>\n<tr>\n<td width=\"223\"><em><strong><img data-recalc-dims=\"1\" loading=\"lazy\" decoding=\"async\" class=\"alignnone size-medium wp-image-1068\" src=\"https:\/\/i0.wp.com\/fundacionperiodismo.org\/diplomado-digital-2021\/wp-content\/uploads\/2022\/02\/JUAN-MASCARDI.jpeg?resize=300%2C300&#038;ssl=1\" alt=\"\" width=\"300\" height=\"300\" srcset=\"https:\/\/i0.wp.com\/fundacionperiodismo.org\/diplomado-digital-2021\/wp-content\/uploads\/2022\/02\/JUAN-MASCARDI.jpeg?resize=300%2C300&amp;ssl=1 300w, https:\/\/i0.wp.com\/fundacionperiodismo.org\/diplomado-digital-2021\/wp-content\/uploads\/2022\/02\/JUAN-MASCARDI.jpeg?resize=1024%2C1024&amp;ssl=1 1024w, https:\/\/i0.wp.com\/fundacionperiodismo.org\/diplomado-digital-2021\/wp-content\/uploads\/2022\/02\/JUAN-MASCARDI.jpeg?resize=150%2C150&amp;ssl=1 150w, https:\/\/i0.wp.com\/fundacionperiodismo.org\/diplomado-digital-2021\/wp-content\/uploads\/2022\/02\/JUAN-MASCARDI.jpeg?resize=768%2C768&amp;ssl=1 768w, https:\/\/i0.wp.com\/fundacionperiodismo.org\/diplomado-digital-2021\/wp-content\/uploads\/2022\/02\/JUAN-MASCARDI.jpeg?w=1066&amp;ssl=1 1066w\" sizes=\"auto, (max-width: 300px) 100vw, 300px\" \/>\u00a0 \u00a0 \u00a0 \u00a0 \u00a0 \u00a0JUAN MASCARDI<\/strong><\/em><\/td>\n<td width=\"366\"><strong>-Lic. en Comunicaci\u00f3n Social y Especialista en Comunicaci\u00f3n Digital, Universidad Nacional de Rosario.<\/strong><\/p>\n<p><strong>&#8211; Director de la Lic. en Periodismo y la Lic. en Producci\u00f3n y Realizaci\u00f3n Audiovisual en la Universidad Abierta Interamericana, sede Rosario.<\/strong><\/p>\n<p><strong>&#8211; Actualmente trabaja como cronista en \u00abLos D\u00edas Contada y \u00abTelefe Noticias de Canal 5 Rosario, escribe y dirige el ciclo de cr\u00f3nicas audiovisuales \u00abSustancias Elementales\u201d.<\/strong><\/td>\n<\/tr>\n<tr>\n<td colspan=\"2\" width=\"589\"><strong><em>EXPERTO EN CONTENIDOS DIGITALES<\/em><\/strong><\/td>\n<\/tr>\n<\/tbody>\n<\/table>\n<p>&nbsp;<\/p>\n<table>\n<tbody>\n<tr>\n<td width=\"223\">&nbsp;<\/p>\n<p><strong><em><img data-recalc-dims=\"1\" loading=\"lazy\" decoding=\"async\" class=\"alignnone size-medium wp-image-1069\" src=\"https:\/\/i0.wp.com\/fundacionperiodismo.org\/diplomado-digital-2021\/wp-content\/uploads\/2022\/02\/FABIOLA-CHAMBI.jpeg?resize=300%2C300&#038;ssl=1\" alt=\"\" width=\"300\" height=\"300\" srcset=\"https:\/\/i0.wp.com\/fundacionperiodismo.org\/diplomado-digital-2021\/wp-content\/uploads\/2022\/02\/FABIOLA-CHAMBI.jpeg?resize=300%2C300&amp;ssl=1 300w, https:\/\/i0.wp.com\/fundacionperiodismo.org\/diplomado-digital-2021\/wp-content\/uploads\/2022\/02\/FABIOLA-CHAMBI.jpeg?resize=1024%2C1024&amp;ssl=1 1024w, https:\/\/i0.wp.com\/fundacionperiodismo.org\/diplomado-digital-2021\/wp-content\/uploads\/2022\/02\/FABIOLA-CHAMBI.jpeg?resize=150%2C150&amp;ssl=1 150w, https:\/\/i0.wp.com\/fundacionperiodismo.org\/diplomado-digital-2021\/wp-content\/uploads\/2022\/02\/FABIOLA-CHAMBI.jpeg?resize=768%2C769&amp;ssl=1 768w, https:\/\/i0.wp.com\/fundacionperiodismo.org\/diplomado-digital-2021\/wp-content\/uploads\/2022\/02\/FABIOLA-CHAMBI.jpeg?w=1066&amp;ssl=1 1066w\" sizes=\"auto, (max-width: 300px) 100vw, 300px\" \/><\/em><\/strong><\/p>\n<p><strong><em>FABIOLA CHAMBI<\/em><\/strong><\/td>\n<td width=\"366\"><strong>&#8211; Licenciada en Comunicaci\u00f3n Social con estudios de posgrado en Periodismo Digital.<\/strong><\/p>\n<p><strong>&#8211; Docencia Universitaria, Derechos Humanos y Comunicaci\u00f3n Pol\u00edtica.<\/strong><\/p>\n<p><strong>&#8211; Corresponsal de \u00abVoice of America (Washington). <\/strong><strong>Editora en la plataforma period\u00edstica Connectas (Colombia) y docente universitaria.<\/strong><\/p>\n<p>&nbsp;<\/td>\n<\/tr>\n<tr>\n<td colspan=\"2\" width=\"589\"><strong><em>EXPERTA EN RECURSOS MULTIMEDIA<\/em><\/strong><\/td>\n<\/tr>\n<\/tbody>\n<\/table>\n<p>&nbsp;<\/p>\n<table>\n<tbody>\n<tr>\n<td width=\"223\"><strong><em><img data-recalc-dims=\"1\" loading=\"lazy\" decoding=\"async\" class=\"alignnone size-medium wp-image-1073\" src=\"https:\/\/i0.wp.com\/fundacionperiodismo.org\/diplomado-digital-2021\/wp-content\/uploads\/2022\/02\/SEBASTIAN-AUYANET.jpeg?resize=300%2C300&#038;ssl=1\" alt=\"\" width=\"300\" height=\"300\" srcset=\"https:\/\/i0.wp.com\/fundacionperiodismo.org\/diplomado-digital-2021\/wp-content\/uploads\/2022\/02\/SEBASTIAN-AUYANET.jpeg?resize=300%2C300&amp;ssl=1 300w, https:\/\/i0.wp.com\/fundacionperiodismo.org\/diplomado-digital-2021\/wp-content\/uploads\/2022\/02\/SEBASTIAN-AUYANET.jpeg?resize=1024%2C1024&amp;ssl=1 1024w, https:\/\/i0.wp.com\/fundacionperiodismo.org\/diplomado-digital-2021\/wp-content\/uploads\/2022\/02\/SEBASTIAN-AUYANET.jpeg?resize=150%2C150&amp;ssl=1 150w, https:\/\/i0.wp.com\/fundacionperiodismo.org\/diplomado-digital-2021\/wp-content\/uploads\/2022\/02\/SEBASTIAN-AUYANET.jpeg?resize=768%2C767&amp;ssl=1 768w, https:\/\/i0.wp.com\/fundacionperiodismo.org\/diplomado-digital-2021\/wp-content\/uploads\/2022\/02\/SEBASTIAN-AUYANET.jpeg?w=1067&amp;ssl=1 1067w\" sizes=\"auto, (max-width: 300px) 100vw, 300px\" \/><\/em><\/strong><\/p>\n<p><strong><em>SEBASTI\u00c1N AUYANET<\/em><\/strong><\/td>\n<td width=\"366\"><strong>&#8211; Periodista y licenciado en Comunicaci\u00f3n por la Universidad de Montevideo.<\/strong><\/p>\n<p><strong>&#8211; Trabaja como periodista en Now This desde 2018 desde su sede en Nueva York.<\/strong><\/p>\n<p><strong>&#8211; En El Observador se desempe\u00f1\u00f3 como editor de los suplementos Tendencias y la revista Luces y luego como estratega digital del medio.<\/strong><\/p>\n<p>&nbsp;<\/td>\n<\/tr>\n<tr>\n<td colspan=\"2\" width=\"589\"><strong><em>EXPERTO EN PERIODISMO EMPRENDEDOR<\/em><\/strong><\/td>\n<\/tr>\n<\/tbody>\n<\/table>\n<p>&nbsp;<\/p>\n<table>\n<tbody>\n<tr>\n<td width=\"223\"><strong><em><img data-recalc-dims=\"1\" loading=\"lazy\" decoding=\"async\" class=\"alignnone size-medium wp-image-1067\" src=\"https:\/\/i0.wp.com\/fundacionperiodismo.org\/diplomado-digital-2021\/wp-content\/uploads\/2022\/02\/RODOLFO-HUALLPA.jpeg?resize=300%2C300&#038;ssl=1\" alt=\"\" width=\"300\" height=\"300\" srcset=\"https:\/\/i0.wp.com\/fundacionperiodismo.org\/diplomado-digital-2021\/wp-content\/uploads\/2022\/02\/RODOLFO-HUALLPA.jpeg?resize=300%2C300&amp;ssl=1 300w, https:\/\/i0.wp.com\/fundacionperiodismo.org\/diplomado-digital-2021\/wp-content\/uploads\/2022\/02\/RODOLFO-HUALLPA.jpeg?resize=1024%2C1024&amp;ssl=1 1024w, https:\/\/i0.wp.com\/fundacionperiodismo.org\/diplomado-digital-2021\/wp-content\/uploads\/2022\/02\/RODOLFO-HUALLPA.jpeg?resize=150%2C150&amp;ssl=1 150w, https:\/\/i0.wp.com\/fundacionperiodismo.org\/diplomado-digital-2021\/wp-content\/uploads\/2022\/02\/RODOLFO-HUALLPA.jpeg?resize=768%2C768&amp;ssl=1 768w, https:\/\/i0.wp.com\/fundacionperiodismo.org\/diplomado-digital-2021\/wp-content\/uploads\/2022\/02\/RODOLFO-HUALLPA.jpeg?w=1066&amp;ssl=1 1066w\" sizes=\"auto, (max-width: 300px) 100vw, 300px\" \/><\/em><\/strong><\/p>\n<p><strong><em>RODOLFO HUALLPA<\/em><\/strong><\/td>\n<td width=\"366\"><strong>-Periodista digital<\/strong><\/p>\n<p><strong>-Trabaj\u00f3 en la Agencia de Noticias Fides y P\u00e1gina Siete.<\/strong><\/p>\n<p><strong>-Docente en periodismo digital y empedernido con las nuevas tecnolog\u00edas.<\/strong><\/p>\n<p><strong>&#8211; Gan\u00f3 el Premio Nacional de Periodismo Digital de la Asociaci\u00f3n de Periodistas de La Paz y la medalla Hu\u00e1scar Caj\u00edas a las nuevas generaciones, ambos en 2015.<\/strong><\/td>\n<\/tr>\n<tr>\n<td colspan=\"2\" width=\"589\"><strong><em>EXPERTO EN MEDIOS DIGITALES<\/em><\/strong><\/td>\n<\/tr>\n<\/tbody>\n<\/table>\n<p>&nbsp;<\/p>\n<table>\n<tbody>\n<tr>\n<td width=\"223\"><strong><em><img data-recalc-dims=\"1\" loading=\"lazy\" decoding=\"async\" class=\"alignnone size-medium wp-image-1070\" src=\"https:\/\/i0.wp.com\/fundacionperiodismo.org\/diplomado-digital-2021\/wp-content\/uploads\/2022\/02\/EDILMA-PRADA.jpeg?resize=300%2C300&#038;ssl=1\" alt=\"\" width=\"300\" height=\"300\" srcset=\"https:\/\/i0.wp.com\/fundacionperiodismo.org\/diplomado-digital-2021\/wp-content\/uploads\/2022\/02\/EDILMA-PRADA.jpeg?resize=300%2C300&amp;ssl=1 300w, https:\/\/i0.wp.com\/fundacionperiodismo.org\/diplomado-digital-2021\/wp-content\/uploads\/2022\/02\/EDILMA-PRADA.jpeg?resize=1024%2C1024&amp;ssl=1 1024w, https:\/\/i0.wp.com\/fundacionperiodismo.org\/diplomado-digital-2021\/wp-content\/uploads\/2022\/02\/EDILMA-PRADA.jpeg?resize=150%2C150&amp;ssl=1 150w, https:\/\/i0.wp.com\/fundacionperiodismo.org\/diplomado-digital-2021\/wp-content\/uploads\/2022\/02\/EDILMA-PRADA.jpeg?resize=768%2C768&amp;ssl=1 768w, https:\/\/i0.wp.com\/fundacionperiodismo.org\/diplomado-digital-2021\/wp-content\/uploads\/2022\/02\/EDILMA-PRADA.jpeg?w=1066&amp;ssl=1 1066w\" sizes=\"auto, (max-width: 300px) 100vw, 300px\" \/><\/em><\/strong><\/p>\n<p><strong><em>EDILMA PRADA<\/em><\/strong><\/td>\n<td width=\"366\"><strong>&#8211; Periodista de investigaci\u00f3n colombiana. Candidata a Mag\u00edster en Derechos Humanos y Especialista en Derecho Internacional Humanitario y Cultura de Paz.<\/strong><\/p>\n<p><strong>&#8211; Fundadora y directora del medio Agenda Propia, www.agendapropia.com<\/strong><\/p>\n<p><strong>-Productora de proyectos period\u00edsticos multimedia.<\/strong><\/p>\n<p><strong>Actualmente es Becaria del Pulitzer\u00a0 Center.<\/strong><\/p>\n<p>&nbsp;<\/td>\n<\/tr>\n<tr>\n<td colspan=\"2\" width=\"589\"><strong><em>EXPERTA EN MEDIOS DIGITALES<\/em><\/strong><\/td>\n<\/tr>\n<\/tbody>\n<\/table>\n<p>&nbsp;<\/p>\n<table>\n<tbody>\n<tr>\n<td width=\"223\"><strong><em><img data-recalc-dims=\"1\" loading=\"lazy\" decoding=\"async\" class=\"alignnone size-medium wp-image-1071\" src=\"https:\/\/i0.wp.com\/fundacionperiodismo.org\/diplomado-digital-2021\/wp-content\/uploads\/2022\/02\/CRISTIAN-LEON.jpeg?resize=300%2C300&#038;ssl=1\" alt=\"\" width=\"300\" height=\"300\" srcset=\"https:\/\/i0.wp.com\/fundacionperiodismo.org\/diplomado-digital-2021\/wp-content\/uploads\/2022\/02\/CRISTIAN-LEON.jpeg?resize=300%2C300&amp;ssl=1 300w, https:\/\/i0.wp.com\/fundacionperiodismo.org\/diplomado-digital-2021\/wp-content\/uploads\/2022\/02\/CRISTIAN-LEON.jpeg?resize=1024%2C1024&amp;ssl=1 1024w, https:\/\/i0.wp.com\/fundacionperiodismo.org\/diplomado-digital-2021\/wp-content\/uploads\/2022\/02\/CRISTIAN-LEON.jpeg?resize=150%2C150&amp;ssl=1 150w, https:\/\/i0.wp.com\/fundacionperiodismo.org\/diplomado-digital-2021\/wp-content\/uploads\/2022\/02\/CRISTIAN-LEON.jpeg?resize=768%2C769&amp;ssl=1 768w, https:\/\/i0.wp.com\/fundacionperiodismo.org\/diplomado-digital-2021\/wp-content\/uploads\/2022\/02\/CRISTIAN-LEON.jpeg?w=1066&amp;ssl=1 1066w\" sizes=\"auto, (max-width: 300px) 100vw, 300px\" \/><\/em><\/strong><\/p>\n<p><strong><em>CRISTIAN LE\u00d3N<\/em><\/strong><\/td>\n<td width=\"366\"><strong>&#8211; Director ejecutivo a.i. en Fundaci\u00f3n InternetBolivia.org<\/strong><\/p>\n<p><strong>&#8211; Especialista en derechos digitales, ciberseguridad y gobierno digital.<\/strong><\/p>\n<p><strong>&#8211; Trabaj\u00f3 en la organizaci\u00f3n regional Asuntos del Sur.<\/strong><\/p>\n<p><strong>&#8211; Analista, investigador y consultor para la Vicepresidencia de Bolivia, PNUD, Tribunal Supremo Electoral de Bolivia.<\/strong><\/p>\n<p><strong>&#8211; Fue parte de equipos de consultor\u00edas para la Organizaci\u00f3n de Estados Americanos (OEA) y Open Government Partnership (OGP).<\/strong><\/td>\n<\/tr>\n<tr>\n<td colspan=\"2\" width=\"589\"><strong><em>EXPERTO EN SEGURIDAD DIGITAL<\/em><\/strong><\/td>\n<\/tr>\n<\/tbody>\n<\/table>\n<p>&nbsp;<\/p>\n<table>\n<tbody>\n<tr>\n<td width=\"223\"><strong><em><img data-recalc-dims=\"1\" loading=\"lazy\" decoding=\"async\" class=\"alignnone size-medium wp-image-1066\" src=\"https:\/\/i0.wp.com\/fundacionperiodismo.org\/diplomado-digital-2021\/wp-content\/uploads\/2022\/02\/SARA-MARTINEZ.jpeg?resize=300%2C300&#038;ssl=1\" alt=\"\" width=\"300\" height=\"300\" srcset=\"https:\/\/i0.wp.com\/fundacionperiodismo.org\/diplomado-digital-2021\/wp-content\/uploads\/2022\/02\/SARA-MARTINEZ.jpeg?resize=300%2C300&amp;ssl=1 300w, https:\/\/i0.wp.com\/fundacionperiodismo.org\/diplomado-digital-2021\/wp-content\/uploads\/2022\/02\/SARA-MARTINEZ.jpeg?resize=1024%2C1024&amp;ssl=1 1024w, https:\/\/i0.wp.com\/fundacionperiodismo.org\/diplomado-digital-2021\/wp-content\/uploads\/2022\/02\/SARA-MARTINEZ.jpeg?resize=150%2C150&amp;ssl=1 150w, https:\/\/i0.wp.com\/fundacionperiodismo.org\/diplomado-digital-2021\/wp-content\/uploads\/2022\/02\/SARA-MARTINEZ.jpeg?resize=768%2C768&amp;ssl=1 768w, https:\/\/i0.wp.com\/fundacionperiodismo.org\/diplomado-digital-2021\/wp-content\/uploads\/2022\/02\/SARA-MARTINEZ.jpeg?w=1066&amp;ssl=1 1066w\" sizes=\"auto, (max-width: 300px) 100vw, 300px\" \/><\/em><\/strong><\/p>\n<p><strong><em>SARA MARTINEZ<\/em><\/strong><\/td>\n<td width=\"366\"><strong>Coordinaci\u00f3n y revisi\u00f3n de materiales radiof\u00f3nicos y multimedia.<\/strong><\/p>\n<p><strong>Redacci\u00f3n y producci\u00f3n de spots radiof\u00f3nicos y de video. <\/strong><\/p>\n<p><strong>Producci\u00f3n de contenido multimedia para redes sociales.<\/strong><\/p>\n<p><strong>Redacci\u00f3n de guiones radiof\u00f3nicos.<\/strong><\/p>\n<p><strong>Locuci\u00f3n de radio revista.<\/strong><\/p>\n<p><strong>Producci\u00f3n y edici\u00f3n de radio revista.<\/strong><\/td>\n<\/tr>\n<tr>\n<td colspan=\"2\" width=\"589\"><strong><em>JEFA DE REDACCI\u00d3N EN S\u00d3NICA.<\/em><\/strong><\/td>\n<\/tr>\n<\/tbody>\n<\/table>\n<p>&nbsp;<\/p>\n<table>\n<tbody>\n<tr>\n<td width=\"223\"><strong><em><img data-recalc-dims=\"1\" loading=\"lazy\" decoding=\"async\" class=\"alignnone size-medium wp-image-1072\" src=\"https:\/\/i0.wp.com\/fundacionperiodismo.org\/diplomado-digital-2021\/wp-content\/uploads\/2022\/02\/CESAR-SALAMANCA.jpeg?resize=300%2C300&#038;ssl=1\" alt=\"\" width=\"300\" height=\"300\" srcset=\"https:\/\/i0.wp.com\/fundacionperiodismo.org\/diplomado-digital-2021\/wp-content\/uploads\/2022\/02\/CESAR-SALAMANCA.jpeg?resize=300%2C300&amp;ssl=1 300w, https:\/\/i0.wp.com\/fundacionperiodismo.org\/diplomado-digital-2021\/wp-content\/uploads\/2022\/02\/CESAR-SALAMANCA.jpeg?resize=1024%2C1024&amp;ssl=1 1024w, https:\/\/i0.wp.com\/fundacionperiodismo.org\/diplomado-digital-2021\/wp-content\/uploads\/2022\/02\/CESAR-SALAMANCA.jpeg?resize=150%2C150&amp;ssl=1 150w, https:\/\/i0.wp.com\/fundacionperiodismo.org\/diplomado-digital-2021\/wp-content\/uploads\/2022\/02\/CESAR-SALAMANCA.jpeg?resize=768%2C768&amp;ssl=1 768w, https:\/\/i0.wp.com\/fundacionperiodismo.org\/diplomado-digital-2021\/wp-content\/uploads\/2022\/02\/CESAR-SALAMANCA.jpeg?w=1066&amp;ssl=1 1066w\" sizes=\"auto, (max-width: 300px) 100vw, 300px\" \/><\/em><\/strong><\/p>\n<p><strong><em>CESAR SALAMANCA<\/em><\/strong><\/td>\n<td width=\"366\"><strong>&#8211; Profesional especializado en Marketing M\u00f3vil:<\/strong><\/p>\n<p><strong>&#8211; Publicidad, SEO y Experiencia de Usuario. Experto en estrategias de comunicaci\u00f3n, gesti\u00f3n y administraci\u00f3n de inventarios, plataformas digitales DSP y SSP, desarrollador de publicidad program\u00e1tica.<\/strong><\/p>\n<p><strong>-Especialista profesional superior en publicidad y comunicaci\u00f3n con m\u00e1s de 20 a\u00f1os de experiencia en diversos mercados de la regi\u00f3n.<\/strong><\/p>\n<p><strong>\u00a0<\/strong><\/td>\n<\/tr>\n<tr>\n<td colspan=\"2\" width=\"589\"><strong><em>EXPERTO EN MARKETING<\/em><\/strong><\/td>\n<\/tr>\n<\/tbody>\n<\/table>\n<p>&nbsp;<\/p>\n","protected":false},"excerpt":{"rendered":"<p>\u00a0 \u00a0 \u00a0\u00a0 PRESENTACI\u00d3N La pandemia del Covid-19 ahond\u00f3 la crisis y aceler\u00f3 a medios como la radio, la televisi\u00f3n y el peri\u00f3dico a repensar sus formas de difusi\u00f3n de contenidos y de informaci\u00f3n, volc\u00e1ndose a las plataformas digitales y a las redes sociales, que cobraron mayor fuerza en su uso por parte de la [&hellip;]<\/p>\n","protected":false},"author":2,"featured_media":0,"parent":0,"menu_order":0,"comment_status":"closed","ping_status":"closed","template":"","meta":{"om_disable_all_campaigns":false,"footnotes":""},"class_list":["post-942","page","type-page","status-publish","hentry"],"jetpack_sharing_enabled":true,"_links":{"self":[{"href":"https:\/\/fundacionperiodismo.org\/diplomado-digital-2021\/wp-json\/wp\/v2\/pages\/942","targetHints":{"allow":["GET"]}}],"collection":[{"href":"https:\/\/fundacionperiodismo.org\/diplomado-digital-2021\/wp-json\/wp\/v2\/pages"}],"about":[{"href":"https:\/\/fundacionperiodismo.org\/diplomado-digital-2021\/wp-json\/wp\/v2\/types\/page"}],"author":[{"embeddable":true,"href":"https:\/\/fundacionperiodismo.org\/diplomado-digital-2021\/wp-json\/wp\/v2\/users\/2"}],"replies":[{"embeddable":true,"href":"https:\/\/fundacionperiodismo.org\/diplomado-digital-2021\/wp-json\/wp\/v2\/comments?post=942"}],"version-history":[{"count":8,"href":"https:\/\/fundacionperiodismo.org\/diplomado-digital-2021\/wp-json\/wp\/v2\/pages\/942\/revisions"}],"predecessor-version":[{"id":1079,"href":"https:\/\/fundacionperiodismo.org\/diplomado-digital-2021\/wp-json\/wp\/v2\/pages\/942\/revisions\/1079"}],"wp:attachment":[{"href":"https:\/\/fundacionperiodismo.org\/diplomado-digital-2021\/wp-json\/wp\/v2\/media?parent=942"}],"curies":[{"name":"wp","href":"https:\/\/api.w.org\/{rel}","templated":true}]}}