{"id":423,"date":"2017-08-03T16:59:54","date_gmt":"2017-08-03T16:59:54","guid":{"rendered":"https:\/\/fundacionperiodismo.org\/educamedios\/?page_id=423"},"modified":"2022-06-17T20:01:37","modified_gmt":"2022-06-17T20:01:37","slug":"galeria-de-fotos-periodista-por-un-dia","status":"publish","type":"page","link":"https:\/\/fundacionperiodismo.org\/educamedios\/galeria-de-fotos-periodista-por-un-dia\/","title":{"rendered":"Galer\u00eda de fotos: Periodista por un d\u00eda"},"content":{"rendered":"<!-- Widget Shortcode --><div id=\"rpwe_widget-16\" class=\"widget rpwe_widget recent-posts-extended widget-shortcode area-arbitrary \"><div  class=\"rpwe-block\"><ul class=\"rpwe-ul\"><li class=\"rpwe-li rpwe-clearfix\"><a class=\"rpwe-img\" href=\"https:\/\/fundacionperiodismo.org\/educamedios\/premiacion-2017-periodista-por-un-dia-y-reportajes-moviles\/\" target=\"_self\"><img class=\"rpwe-aligncenter rpwe-thumb\" src=\"https:\/\/fundacionperiodismo.org\/educamedios\/wp-content\/uploads\/2017\/11\/DSC0534-220x150.jpg\" alt=\"Premiaci\u00f3n 2017 &#8211; Periodista por un d\u00eda y Reportajes m\u00f3viles\" height=\"150\" width=\"220\" loading=\"lazy\" decoding=\"async\"><\/a><h3 class=\"rpwe-title\"><a href=\"https:\/\/fundacionperiodismo.org\/educamedios\/premiacion-2017-periodista-por-un-dia-y-reportajes-moviles\/\" target=\"_self\">Premiaci\u00f3n 2017 &#8211; Periodista por un d\u00eda y Reportajes m\u00f3viles<\/a><\/h3><\/li><li class=\"rpwe-li rpwe-clearfix\"><a class=\"rpwe-img\" href=\"https:\/\/fundacionperiodismo.org\/educamedios\/premiacion-periodista-por-un-dia-y-la-entrevista-que-siempre-sone\/\" target=\"_self\"><img class=\"rpwe-aligncenter rpwe-thumb\" src=\"https:\/\/fundacionperiodismo.org\/educamedios\/wp-content\/uploads\/2017\/11\/DSC_0734-220x150.jpg\" alt=\"Premiaci\u00f3n 2015 Periodista por un d\u00eda y La entrevista que siempre so\u00f1\u00e9\" height=\"150\" width=\"220\" loading=\"lazy\" decoding=\"async\"><\/a><h3 class=\"rpwe-title\"><a href=\"https:\/\/fundacionperiodismo.org\/educamedios\/premiacion-periodista-por-un-dia-y-la-entrevista-que-siempre-sone\/\" target=\"_self\">Premiaci\u00f3n 2015 Periodista por un d\u00eda y La entrevista que siempre so\u00f1\u00e9<\/a><\/h3><\/li><li class=\"rpwe-li rpwe-clearfix\"><a class=\"rpwe-img\" href=\"https:\/\/fundacionperiodismo.org\/educamedios\/periodico-la-razon-galeria-de-fotos-2015\/\" target=\"_self\"><img class=\"rpwe-aligncenter rpwe-thumb\" src=\"https:\/\/fundacionperiodismo.org\/educamedios\/wp-content\/uploads\/2017\/06\/192015-220x150.jpg\" alt=\"Peri\u00f3dico La Raz\u00f3n &#8211; Galer\u00eda de fotos 2015\" height=\"150\" width=\"220\" loading=\"lazy\" decoding=\"async\"><\/a><h3 class=\"rpwe-title\"><a href=\"https:\/\/fundacionperiodismo.org\/educamedios\/periodico-la-razon-galeria-de-fotos-2015\/\" target=\"_self\">Peri\u00f3dico La Raz\u00f3n &#8211; Galer\u00eda de fotos 2015<\/a><\/h3><\/li><li class=\"rpwe-li rpwe-clearfix\"><a class=\"rpwe-img\" href=\"https:\/\/fundacionperiodismo.org\/educamedios\/periodico-pagina-siete-galeria-de-fotos-2015\/\" target=\"_self\"><img class=\"rpwe-aligncenter rpwe-thumb\" src=\"https:\/\/fundacionperiodismo.org\/educamedios\/wp-content\/uploads\/2017\/06\/272015-220x150.jpg\" alt=\"Peri\u00f3dico P\u00e1gina Siete &#8211; Galer\u00eda de fotos 2015\" height=\"150\" width=\"220\" loading=\"lazy\" decoding=\"async\"><\/a><h3 class=\"rpwe-title\"><a href=\"https:\/\/fundacionperiodismo.org\/educamedios\/periodico-pagina-siete-galeria-de-fotos-2015\/\" target=\"_self\">Peri\u00f3dico P\u00e1gina Siete &#8211; Galer\u00eda de fotos 2015<\/a><\/h3><\/li><li class=\"rpwe-li rpwe-clearfix\"><a class=\"rpwe-img\" href=\"https:\/\/fundacionperiodismo.org\/educamedios\/periodico-la-prensa-galeria-de-fotos-2015\/\" target=\"_self\"><img class=\"rpwe-aligncenter rpwe-thumb\" src=\"https:\/\/fundacionperiodismo.org\/educamedios\/wp-content\/uploads\/2017\/06\/92015-220x150.jpg\" alt=\"Peri\u00f3dico La Prensa &#8211; Galer\u00eda de fotos 2015\" height=\"150\" width=\"220\" loading=\"lazy\" decoding=\"async\"><\/a><h3 class=\"rpwe-title\"><a href=\"https:\/\/fundacionperiodismo.org\/educamedios\/periodico-la-prensa-galeria-de-fotos-2015\/\" target=\"_self\">Peri\u00f3dico La Prensa &#8211; Galer\u00eda de fotos 2015<\/a><\/h3><\/li><li class=\"rpwe-li rpwe-clearfix\"><a class=\"rpwe-img\" href=\"https:\/\/fundacionperiodismo.org\/educamedios\/periodico-cambio-galeria-de-fotos-2015\/\" target=\"_self\"><img class=\"rpwe-aligncenter rpwe-thumb\" src=\"https:\/\/fundacionperiodismo.org\/educamedios\/wp-content\/uploads\/2017\/06\/52015-220x150.jpg\" alt=\"Peri\u00f3dico Cambio &#8211; Galer\u00eda de fotos 2015\" height=\"150\" width=\"220\" loading=\"lazy\" decoding=\"async\"><\/a><h3 class=\"rpwe-title\"><a href=\"https:\/\/fundacionperiodismo.org\/educamedios\/periodico-cambio-galeria-de-fotos-2015\/\" target=\"_self\">Peri\u00f3dico Cambio &#8211; Galer\u00eda de fotos 2015<\/a><\/h3><\/li><\/ul><\/div><!-- Generated by http:\/\/wordpress.org\/plugins\/recent-posts-widget-extended\/ --><\/div><!-- \/Widget Shortcode -->\n","protected":false},"excerpt":{"rendered":"","protected":false},"author":1,"featured_media":0,"parent":0,"menu_order":0,"comment_status":"closed","ping_status":"closed","template":"","meta":{"footnotes":""},"class_list":["post-423","page","type-page","status-publish","hentry"],"_links":{"self":[{"href":"https:\/\/fundacionperiodismo.org\/educamedios\/wp-json\/wp\/v2\/pages\/423","targetHints":{"allow":["GET"]}}],"collection":[{"href":"https:\/\/fundacionperiodismo.org\/educamedios\/wp-json\/wp\/v2\/pages"}],"about":[{"href":"https:\/\/fundacionperiodismo.org\/educamedios\/wp-json\/wp\/v2\/types\/page"}],"author":[{"embeddable":true,"href":"https:\/\/fundacionperiodismo.org\/educamedios\/wp-json\/wp\/v2\/users\/1"}],"replies":[{"embeddable":true,"href":"https:\/\/fundacionperiodismo.org\/educamedios\/wp-json\/wp\/v2\/comments?post=423"}],"version-history":[{"count":2,"href":"https:\/\/fundacionperiodismo.org\/educamedios\/wp-json\/wp\/v2\/pages\/423\/revisions"}],"predecessor-version":[{"id":437,"href":"https:\/\/fundacionperiodismo.org\/educamedios\/wp-json\/wp\/v2\/pages\/423\/revisions\/437"}],"wp:attachment":[{"href":"https:\/\/fundacionperiodismo.org\/educamedios\/wp-json\/wp\/v2\/media?parent=423"}],"curies":[{"name":"wp","href":"https:\/\/api.w.org\/{rel}","templated":true}]}}