{"id":359,"date":"2019-03-01T10:39:07","date_gmt":"2019-03-01T14:39:07","guid":{"rendered":"https:\/\/fundacionperiodismo.org\/formacion-dual-2019\/?page_id=359"},"modified":"2019-03-01T12:57:19","modified_gmt":"2019-03-01T16:57:19","slug":"bibliografia","status":"publish","type":"page","link":"https:\/\/fundacionperiodismo.org\/formacion-dual-2019\/bibliografia\/","title":{"rendered":"Bibliograf\u00eda"},"content":{"rendered":"<h2>TEXTOS DEL M\u00d3DULO 1 &#8211; PERIODISMO CROSSMEDIA<\/h2>\n<h3>Redacci\u00f3n \/ Entrevistas<\/h3>\n<ul>\n<li>Dec\u00e1logo para una buena entrevista <a href=\"https:\/\/fundacionperiodismo.org\/formacion-dual-2019\/wp-content\/uploads\/2019\/03\/Decalogo-de-la-Entrevista.pdf\" target=\"_blank\" rel=\"noopener\" download=\"\"><strong>[Descargar]<\/strong><\/a><\/li>\n<li>C\u00f3mo escribir para la Web. Guillermo Franco <a href=\"https:\/\/knightcenter.utexas.edu\/Como_escribir_para_la_WEB.pdf\" target=\"_blank\" rel=\"noopener\"><strong>[Leer]<\/strong><\/a><\/li>\n<\/ul>\n<h3><strong>Funcionamiento y t\u00e9rminos de internet<\/strong><\/h3>\n<ul>\n<li>Glosario de t\u00e9rminos digitales <strong><a href=\"https:\/\/fundacionperiodismo.org\/formacion-dual-2019\/glosario-de-terminos-digitales\/\" target=\"_blank\" rel=\"noopener\">[Leer]<\/a><\/strong><\/li>\n<li>Servicios que ofrece Internet <strong><a href=\"https:\/\/www.analfatecnicos.net\/pregunta.php?id=78\" target=\"_blank\" rel=\"noopener\">[Leer]<\/a><\/strong>.<\/li>\n<li>C\u00f3mo tener mi web: dominios y alojamientos. <strong><a href=\"https:\/\/www.analfatecnicos.net\/pregunta.php?id=81\" target=\"_blank\" rel=\"noopener\">[Leer]<\/a><\/strong><\/li>\n<\/ul>\n<h3>Periodismo digital<\/h3>\n<ul>\n<li>Presentaci\u00f3n: tendencias del periodismo digital: multimedia, crossmedia, transmedia <strong><a href=\"https:\/\/fundacionperiodismo.org\/formacion-dual-2019\/wp-content\/uploads\/2019\/03\/Tendencias-Periodismo-Digital.pdf\" target=\"_blank\" rel=\"noopener\" download=\"\">[Descargar]<\/a><\/strong><\/li>\n<li>Manual de \u00e9tica para periodistas en la era digital <strong><a href=\"https:\/\/www.connectas.org\/labs\/que-es-lo-correcto-manual-de-etica-para-periodistas-en-la-era-digital\/\" target=\"_blank\" rel=\"noopener\">[Leer]<\/a><\/strong><\/li>\n<li>Gu\u00eda de periodismo en la era digital.\u00a0Centro\u00a0Internacional para Periodistas (ICFJ)\u00a0<strong><a href=\"https:\/\/www.icfj.org\/sites\/default\/files\/2018-06\/icfj_guia_de_periodismo_FINAL.pdf\" target=\"_blank\" rel=\"noopener\">[Leer]<\/a><\/strong><\/li>\n<li>Los Customer media.\u00a0Medios l\u00edquidos para usuarios hiperconectados. Dossier Evoca.<strong> <a href=\"http:\/\/evocaimagen.com\/dosieres\/dosier-evoca-01-customer-media.pdf\" target=\"_blank\" rel=\"noopener\">[Leer]<\/a><\/strong><\/li>\n<li>El futuro del periodismo. Cuadernos Evoca. <strong><a href=\"http:\/\/www.evocaimagen.com\/cuadernos\/cuadernos7.pdf\">[Leer]<\/a><\/strong><\/li>\n<li>Periodismo digital: 25 a\u00f1os de investigaci\u00f3n <a href=\"https:\/\/www.researchgate.net\/publication\/330506515_Periodismo_digital_25_anos_de_investigacion_Articulo_de_revision\" target=\"_blank\" rel=\"noopener\"><strong>[Leer]<\/strong><\/a><\/li>\n<\/ul>\n<h3>Redes Sociales<\/h3>\n<ul>\n<li>El periodismo en tiempos de las redes sociales: retos y desaf\u00edos para viejos y nuevos profesionales de la informaci\u00f3n que se subieron a Twitter <a href=\"http:\/\/www.revistalatinacs.org\/14SLCS\/2014_actas\/015_Lopez.pdf\" target=\"_blank\" rel=\"noopener\" download=\"\">[<strong>Leer]<\/strong><\/a><\/li>\n<li>Modelos de uso y gesti\u00f3n de redes sociales en el Periodismo <a href=\"https:\/\/www.researchgate.net\/publication\/253651025_Modelos_de_uso_y_gestion_de_redes_sociales_en_el_Periodismo\" target=\"_blank\" rel=\"noopener\"><strong>[Leer]<\/strong><\/a><\/li>\n<\/ul>\n<hr \/>\n<h2>TEXTOS DEL M\u00d3DULO 2 &#8211; STORYTELLING: PERIODISMO NARRATIVO<\/h2>\n","protected":false},"excerpt":{"rendered":"<p>TEXTOS DEL M\u00d3DULO 1 &#8211; PERIODISMO CROSSMEDIA Redacci\u00f3n \/ Entrevistas Dec\u00e1logo para una buena entrevista [Descargar] C\u00f3mo escribir para la Web. Guillermo Franco [Leer] Funcionamiento y t\u00e9rminos de internet Glosario de t\u00e9rminos digitales [Leer] Servicios que ofrece Internet [Leer]. C\u00f3mo tener mi web: dominios y alojamientos. [Leer] Periodismo digital Presentaci\u00f3n: tendencias del periodismo digital: multimedia, crossmedia, transmedia [Descargar] Manual de<\/p>\n","protected":false},"author":2,"featured_media":0,"parent":0,"menu_order":0,"comment_status":"closed","ping_status":"closed","template":"templates\/template-fullwidth.php","meta":{"footnotes":""},"class_list":["post-359","page","type-page","status-publish","hentry","comments-off"],"_links":{"self":[{"href":"https:\/\/fundacionperiodismo.org\/formacion-dual-2019\/wp-json\/wp\/v2\/pages\/359","targetHints":{"allow":["GET"]}}],"collection":[{"href":"https:\/\/fundacionperiodismo.org\/formacion-dual-2019\/wp-json\/wp\/v2\/pages"}],"about":[{"href":"https:\/\/fundacionperiodismo.org\/formacion-dual-2019\/wp-json\/wp\/v2\/types\/page"}],"author":[{"embeddable":true,"href":"https:\/\/fundacionperiodismo.org\/formacion-dual-2019\/wp-json\/wp\/v2\/users\/2"}],"replies":[{"embeddable":true,"href":"https:\/\/fundacionperiodismo.org\/formacion-dual-2019\/wp-json\/wp\/v2\/comments?post=359"}],"version-history":[{"count":9,"href":"https:\/\/fundacionperiodismo.org\/formacion-dual-2019\/wp-json\/wp\/v2\/pages\/359\/revisions"}],"predecessor-version":[{"id":512,"href":"https:\/\/fundacionperiodismo.org\/formacion-dual-2019\/wp-json\/wp\/v2\/pages\/359\/revisions\/512"}],"wp:attachment":[{"href":"https:\/\/fundacionperiodismo.org\/formacion-dual-2019\/wp-json\/wp\/v2\/media?parent=359"}],"curies":[{"name":"wp","href":"https:\/\/api.w.org\/{rel}","templated":true}]}}

Bibliografía

<h2>TEXTOS DEL MÓDULO 1 &#8211; PERIODISMO CROSSMEDIA</h2>
<h3>Redacción / Entrevistas</h3>
<ul>
<li>Decálogo para una buena entrevista <a href="https://fundacionperiodismo.org/formacion-dual-2019/wp-content/uploads/2019/03/Decalogo-de-la-Entrevista.pdf" target="_blank" rel="noopener" download=""><strong>[Descargar]</strong></a></li>
<li>Cómo escribir para la Web. Guillermo Franco <a href="https://knightcenter.utexas.edu/Como_escribir_para_la_WEB.pdf" target="_blank" rel="noopener"><strong>[Leer]</strong></a></li>
</ul>
<h3><strong>Funcionamiento y términos de internet</strong></h3>
<ul>
<li>Glosario de términos digitales <strong><a href="https://fundacionperiodismo.org/formacion-dual-2019/glosario-de-terminos-digitales/" target="_blank" rel="noopener">[Leer]</a></strong></li>
<li>Servicios que ofrece Internet <strong><a href="https://www.analfatecnicos.net/pregunta.php?id=78" target="_blank" rel="noopener">[Leer]</a></strong>.</li>
<li>Cómo tener mi web: dominios y alojamientos. <strong><a href="https://www.analfatecnicos.net/pregunta.php?id=81" target="_blank" rel="noopener">[Leer]</a></strong></li>
</ul>
<h3>Periodismo digital</h3>
<ul>
<li>Presentación: tendencias del periodismo digital: multimedia, crossmedia, transmedia <strong><a href="https://fundacionperiodismo.org/formacion-dual-2019/wp-content/uploads/2019/03/Tendencias-Periodismo-Digital.pdf" target="_blank" rel="noopener" download="">[Descargar]</a></strong></li>
<li>Manual de ética para periodistas en la era digital <strong><a href="https://www.connectas.org/labs/que-es-lo-correcto-manual-de-etica-para-periodistas-en-la-era-digital/" target="_blank" rel="noopener">[Leer]</a></strong></li>
<li>Guía de periodismo en la era digital. Centro Internacional para Periodistas (ICFJ) <strong><a href="https://www.icfj.org/sites/default/files/2018-06/icfj_guia_de_periodismo_FINAL.pdf" target="_blank" rel="noopener">[Leer]</a></strong></li>
<li>Los Customer media. Medios líquidos para usuarios hiperconectados. Dossier Evoca.<strong> <a href="http://evocaimagen.com/dosieres/dosier-evoca-01-customer-media.pdf" target="_blank" rel="noopener">[Leer]</a></strong></li>
<li>El futuro del periodismo. Cuadernos Evoca. <strong><a href="http://www.evocaimagen.com/cuadernos/cuadernos7.pdf">[Leer]</a></strong></li>
<li>Periodismo digital: 25 años de investigación <a href="https://www.researchgate.net/publication/330506515_Periodismo_digital_25_anos_de_investigacion_Articulo_de_revision" target="_blank" rel="noopener"><strong>[Leer]</strong></a></li>
</ul>
<h3>Redes Sociales</h3>
<ul>
<li>El periodismo en tiempos de las redes sociales: retos y desafíos para viejos y nuevos profesionales de la información que se subieron a Twitter <a href="http://www.revistalatinacs.org/14SLCS/2014_actas/015_Lopez.pdf" target="_blank" rel="noopener" download="">[<strong>Leer]</strong></a></li>
<li>Modelos de uso y gestión de redes sociales en el Periodismo <a href="https://www.researchgate.net/publication/253651025_Modelos_de_uso_y_gestion_de_redes_sociales_en_el_Periodismo" target="_blank" rel="noopener"><strong>[Leer]</strong></a></li>
</ul>
<hr />
<h2>TEXTOS DEL MÓDULO 2 &#8211; STORYTELLING: PERIODISMO NARRATIVO</h2>

<p>TEXTOS DEL MÓDULO 1 &#8211; PERIODISMO CROSSMEDIA Redacción / Entrevistas Decálogo para una buena entrevista [Descargar] Cómo escribir para la Web. Guillermo Franco [Leer] Funcionamiento y términos de internet Glosario de términos digitales [Leer] Servicios que ofrece Internet [Leer]. Cómo tener mi web: dominios y alojamientos. [Leer] Periodismo digital Presentación: tendencias del periodismo digital: multimedia, crossmedia, transmedia [Descargar] Manual de</p>
