{"id":478,"date":"2019-03-01T12:14:43","date_gmt":"2019-03-01T16:14:43","guid":{"rendered":"https:\/\/fundacionperiodismo.org\/formacion-dual-2019\/?page_id=478"},"modified":"2019-03-01T12:14:43","modified_gmt":"2019-03-01T16:14:43","slug":"glosario-de-terminos-digitales","status":"publish","type":"page","link":"https:\/\/fundacionperiodismo.org\/formacion-dual-2019\/glosario-de-terminos-digitales\/","title":{"rendered":"Glosario de t\u00e9rminos digitales"},"content":{"rendered":"<p><strong>Blog<\/strong><br \/>\nEs un sitio en la web f\u00e1cil de usar para a\u00f1adir ideas y contenidos espec\u00edficos, fechados cronol\u00f3gicamente en orden inverso (m\u00e1s reciente a la m\u00e1s antigua) y permite interactuar con quienes leen el blog.<\/p>\n<p><strong>Post<\/strong><br \/>\nEs una entrada que se publica en espacios web como blogs y redes sociales y se realiza de una forma accesible, corta y f\u00e1cil de comprender. En sentido literal significa \u201cdespu\u00e9s de\u201d.<\/p>\n<p><strong>Hipertexto<\/strong><br \/>\nBase de info organizada en bloques distintos de contenidos a trav\u00e9s de una estructura de enlaces que une textos y contenidos multimedia para construir mensajes.<\/p>\n<p><strong>Widget<\/strong><br \/>\nSon programas para a\u00f1adir funciones o simplificar una web para facilitar la navegaci\u00f3n y mostrar contenidos que queremos que se muestren en la web.<\/p>\n<p><strong>Plugin<\/strong><br \/>\nEs componente de c\u00f3digo o un programa complementario que se instala en una p\u00e1gina, plataforma o celular para para ampliar funciones.<\/p>\n<p><strong>Tuit<\/strong><br \/>\nSon las publicaciones que se realizan en Twitter cuyo l\u00edmite de extensi\u00f3n son 280 caracteres.<\/p>\n<p><strong>Hashtag<\/strong><br \/>\nEtiqueta formada por una o m\u00e1s palabra claves que van precedidas del s\u00edmbolo numeral # (almohadilla)<\/p>\n<p><strong>Community Manager<\/strong><br \/>\nProfesionales que gestionan las RRSS y comunidades web de una empresa o marca.<\/p>\n<p><strong>Multiplataforma<\/strong><br \/>\nUn s\u00f3lo formato o producto que se desarrolla en diferentes plataformas a las que se puede acceder desde cualquier navegador.<\/p>\n<p><strong>Transmedia<\/strong><br \/>\nHistorias distintas en diferentes plataformas que tienen sentido por si solos en las que interact\u00faan los usuarios que crean otras historias derivadas.<\/p>\n<p><strong>Crossmedia<\/strong><br \/>\nExtender la historia a formatos que no tienen sentido solos<\/p>\n","protected":false},"excerpt":{"rendered":"<p>Blog Es un sitio en la web f\u00e1cil de usar para a\u00f1adir ideas y contenidos espec\u00edficos, fechados cronol\u00f3gicamente en orden inverso (m\u00e1s reciente a la m\u00e1s antigua) y permite interactuar con quienes leen el blog. Post Es una entrada que se publica en espacios web como blogs y redes sociales y se realiza de una forma accesible, corta y f\u00e1cil<\/p>\n","protected":false},"author":2,"featured_media":0,"parent":0,"menu_order":0,"comment_status":"closed","ping_status":"closed","template":"","meta":{"footnotes":""},"class_list":["post-478","page","type-page","status-publish","hentry","comments-off"],"_links":{"self":[{"href":"https:\/\/fundacionperiodismo.org\/formacion-dual-2019\/wp-json\/wp\/v2\/pages\/478","targetHints":{"allow":["GET"]}}],"collection":[{"href":"https:\/\/fundacionperiodismo.org\/formacion-dual-2019\/wp-json\/wp\/v2\/pages"}],"about":[{"href":"https:\/\/fundacionperiodismo.org\/formacion-dual-2019\/wp-json\/wp\/v2\/types\/page"}],"author":[{"embeddable":true,"href":"https:\/\/fundacionperiodismo.org\/formacion-dual-2019\/wp-json\/wp\/v2\/users\/2"}],"replies":[{"embeddable":true,"href":"https:\/\/fundacionperiodismo.org\/formacion-dual-2019\/wp-json\/wp\/v2\/comments?post=478"}],"version-history":[{"count":1,"href":"https:\/\/fundacionperiodismo.org\/formacion-dual-2019\/wp-json\/wp\/v2\/pages\/478\/revisions"}],"predecessor-version":[{"id":479,"href":"https:\/\/fundacionperiodismo.org\/formacion-dual-2019\/wp-json\/wp\/v2\/pages\/478\/revisions\/479"}],"wp:attachment":[{"href":"https:\/\/fundacionperiodismo.org\/formacion-dual-2019\/wp-json\/wp\/v2\/media?parent=478"}],"curies":[{"name":"wp","href":"https:\/\/api.w.org\/{rel}","templated":true}]}}

Glosario de términos digitales

<p><strong>Blog</strong><br />
Es un sitio en la web fácil de usar para añadir ideas y contenidos específicos, fechados cronológicamente en orden inverso (más reciente a la más antigua) y permite interactuar con quienes leen el blog.</p>
<p><strong>Post</strong><br />
Es una entrada que se publica en espacios web como blogs y redes sociales y se realiza de una forma accesible, corta y fácil de comprender. En sentido literal significa “después de”.</p>
<p><strong>Hipertexto</strong><br />
Base de info organizada en bloques distintos de contenidos a través de una estructura de enlaces que une textos y contenidos multimedia para construir mensajes.</p>
<p><strong>Widget</strong><br />
Son programas para añadir funciones o simplificar una web para facilitar la navegación y mostrar contenidos que queremos que se muestren en la web.</p>
<p><strong>Plugin</strong><br />
Es componente de código o un programa complementario que se instala en una página, plataforma o celular para para ampliar funciones.</p>
<p><strong>Tuit</strong><br />
Son las publicaciones que se realizan en Twitter cuyo límite de extensión son 280 caracteres.</p>
<p><strong>Hashtag</strong><br />
Etiqueta formada por una o más palabra claves que van precedidas del símbolo numeral # (almohadilla)</p>
<p><strong>Community Manager</strong><br />
Profesionales que gestionan las RRSS y comunidades web de una empresa o marca.</p>
<p><strong>Multiplataforma</strong><br />
Un sólo formato o producto que se desarrolla en diferentes plataformas a las que se puede acceder desde cualquier navegador.</p>
<p><strong>Transmedia</strong><br />
Historias distintas en diferentes plataformas que tienen sentido por si solos en las que interactúan los usuarios que crean otras historias derivadas.</p>
<p><strong>Crossmedia</strong><br />
Extender la historia a formatos que no tienen sentido solos</p>

<p>Blog Es un sitio en la web fácil de usar para añadir ideas y contenidos específicos, fechados cronológicamente en orden inverso (más reciente a la más antigua) y permite interactuar con quienes leen el blog. Post Es una entrada que se publica en espacios web como blogs y redes sociales y se realiza de una forma accesible, corta y fácil</p>
