{"id":168,"date":"2018-10-18T21:11:27","date_gmt":"2018-10-18T21:11:27","guid":{"rendered":"http:\/\/fundacionperiodismo.org\/formacion-dual\/?page_id=168"},"modified":"2018-11-21T22:20:09","modified_gmt":"2018-11-21T22:20:09","slug":"participantes-quienes-somos","status":"publish","type":"page","link":"https:\/\/fundacionperiodismo.org\/formacion-dual\/participantes-quienes-somos\/","title":{"rendered":"Participantes (Qui\u00e9nes Somos)"},"content":{"rendered":"<p><em>Conoce los blogs de los participantes en el Curso de Formaci\u00f3n Dual de la Fundaci\u00f3n para el Periodismo de la promoci\u00f3n 2018.<\/em><\/p>\n<p><strong>Abel Mijail Miranda Zapata \/ Opini\u00f3n\u00a0(Cochabamba)<\/strong><br \/>\n<a href=\"https:\/\/lamiradadeabel.wordpress.com\/\" target=\"_blank\" rel=\"noopener\">https:\/\/lamiradadeabel.wordpress.com\/<\/a><\/p>\n<p><strong>Anabel Vaca \/ P\u00e1gina Siete (La Paz)<\/strong><br \/>\n<a href=\"https:\/\/bloganabel93.wordpress.com\/\" target=\"_blank\" rel=\"noopener\">https:\/\/bloganabel93.wordpress.com\/<\/a><\/p>\n<p><strong>Arnold Guachalla \/ ANF\u00a0(La Paz)<\/strong><br \/>\n<a href=\"https:\/\/periodismocrossmedia.wordpress.com\/\">https:\/\/periodismocrossmedia.wordpress.com\/<\/a><\/p>\n<p><strong>Cleidy Torres \/ ANF (La Paz)<\/strong><br \/>\n<a href=\"https:\/\/periodismoconenfoquedegenero.wordpress.com\/\" target=\"_blank\" rel=\"noopener\">https:\/\/periodismoconenfoquedegenero.wordpress.com\/<\/a><\/p>\n<p><strong>Gladys Mita \/ Fides (La Paz)<\/strong><br \/>\n<a href=\"https:\/\/blogdegladys.wordpress.com\" target=\"_blank\" rel=\"noopener\">https:\/\/blogdegladys.wordpress.com<\/a><\/p>\n<p><strong>Helen San Rom\u00e1n \/ ABYA YALA\u00a0(La Paz)<\/strong><br \/>\n<a href=\"https:\/\/helensanroman.wordpress.com\/\" target=\"_blank\" rel=\"noopener\">https:\/\/helensanroman.wordpress.com\/<\/a><\/p>\n<p><strong>Jorge Clavijo \/ ATB\u00a0(La Paz)<\/strong><br \/>\n<a href=\"https:\/\/jorgeelnoperiodista.wordpress.com\/\" target=\"_blank\" rel=\"noopener\">https:\/\/jorgeelnoperiodista.wordpress.com\/<\/a><\/p>\n<p><strong>Juan Pablo Garc\u00eda Montero \/ Correo del Sur (Sucre)<\/strong><br \/>\n<a href=\"https:\/\/jpgmontero.wordpress.com\/\" target=\"_blank\" rel=\"noopener\">https:\/\/jpgmontero.wordpress.com\/<\/a><\/p>\n<p><strong>Giovana De la Cruz \/\u00a0Ox\u00edgeno (La Paz)<\/strong><br \/>\n<a href=\"https:\/\/laverdadnoshacelibres2018.wordpress.com\/\" target=\"_blank\" rel=\"noopener\">https:\/\/laverdadnoshacelibres2018.wordpress.com\/<\/a><\/p>\n<p><strong>Marcelo Blanco Guti\u00e9rrez \/ P\u00e1gina Siete (La Paz)<\/strong><br \/>\n<a href=\"https:\/\/marceloblanco2019.wordpress.com\/\" target=\"_blank\" rel=\"noopener\">https:\/\/marceloblanco2019.wordpress.com\/<\/a><\/p>\n<p><strong>Maycol Saavedra \/ PAT Bs.(La Paz)<\/strong><br \/>\n<a href=\"https:\/\/owen182.wordpress.com\/\" target=\"_blank\" rel=\"noopener\">https:\/\/owen182.wordpress.com\/<\/a><\/p>\n<p><strong>Ricardo Guti\u00e9rrez \/ La Palabra del Beni (Trinidad)<\/strong><br \/>\n<a href=\"https:\/\/somosmeros.wordpress.com\/\" target=\"_blank\" rel=\"noopener\">https:\/\/somosmeros.wordpress.com\/<\/a><\/p>\n<p><strong>Ricardo Pereyra \/ ATB\u00a0(La Paz)<\/strong><br \/>\n<a href=\"https:\/\/ideasclarasonline.wordpress.com\/\" target=\"_blank\" rel=\"noopener\">https:\/\/ideasclarasonline.wordpress.com\/<\/a><\/p>\n<p><strong>Ronald Catari \/\u00a0APLP\u00a0(La Paz)<\/strong><br \/>\n<a href=\"https:\/\/dunklersblog.wordpress.com\/\" target=\"_blank\" rel=\"noopener\">https:\/\/dunklersblog.wordpress.com\/<\/a><\/p>\n<p><strong>Osmar Arroyo \/ Nuevo Sur (Tarija)<\/strong><br \/>\n<a href=\"https:\/\/osmararroyo.wordpress.com\/\" target=\"_blank\" rel=\"noopener\">https:\/\/osmararroyo.wordpress.com\/<\/a><\/p>\n<p><strong>Osvaldo Valdez Carlo \/ ATB (La Paz)<\/strong><br \/>\n<a href=\"https:\/\/osvaldonotocias.wordpress.com\/\" target=\"_blank\" rel=\"noopener\">https:\/\/osvaldonotocias.wordpress.com\/<\/a><\/p>\n<p><strong>Viviana Ya\u00f1ez \/ El Pa\u00eds (Tarija)<\/strong><br \/>\n<a href=\"https:\/\/vivianainfo.wordpress.com\/\" target=\"_blank\" rel=\"noopener\">https:\/\/vivianainfo.wordpress.com\/<\/a><\/p>\n","protected":false},"excerpt":{"rendered":"<p>Conoce los blogs de los participantes en el Curso de Formaci\u00f3n Dual de la Fundaci\u00f3n<\/p>\n","protected":false},"author":1,"featured_media":0,"parent":0,"menu_order":0,"comment_status":"closed","ping_status":"closed","template":"","meta":{"footnotes":""},"class_list":["post-168","page","type-page","status-publish","hentry"],"_links":{"self":[{"href":"https:\/\/fundacionperiodismo.org\/formacion-dual\/wp-json\/wp\/v2\/pages\/168","targetHints":{"allow":["GET"]}}],"collection":[{"href":"https:\/\/fundacionperiodismo.org\/formacion-dual\/wp-json\/wp\/v2\/pages"}],"about":[{"href":"https:\/\/fundacionperiodismo.org\/formacion-dual\/wp-json\/wp\/v2\/types\/page"}],"author":[{"embeddable":true,"href":"https:\/\/fundacionperiodismo.org\/formacion-dual\/wp-json\/wp\/v2\/users\/1"}],"replies":[{"embeddable":true,"href":"https:\/\/fundacionperiodismo.org\/formacion-dual\/wp-json\/wp\/v2\/comments?post=168"}],"version-history":[{"count":6,"href":"https:\/\/fundacionperiodismo.org\/formacion-dual\/wp-json\/wp\/v2\/pages\/168\/revisions"}],"predecessor-version":[{"id":1211,"href":"https:\/\/fundacionperiodismo.org\/formacion-dual\/wp-json\/wp\/v2\/pages\/168\/revisions\/1211"}],"wp:attachment":[{"href":"https:\/\/fundacionperiodismo.org\/formacion-dual\/wp-json\/wp\/v2\/media?parent=168"}],"curies":[{"name":"wp","href":"https:\/\/api.w.org\/{rel}","templated":true}]}}