{"id":196,"date":"2021-11-11T20:55:28","date_gmt":"2021-11-11T20:55:28","guid":{"rendered":"https:\/\/fundacionperiodismo.org\/periodismo-por-una-vida-sin-violencia\/?page_id=196"},"modified":"2021-11-23T15:04:03","modified_gmt":"2021-11-23T15:04:03","slug":"inicio","status":"publish","type":"page","link":"https:\/\/fundacionperiodismo.org\/periodismo-por-una-vida-sin-violencia\/","title":{"rendered":"<!--Inicio-->"},"content":{"rendered":"<body><p style=\"text-align: center;\"><!-- Widget Shortcode --><div id=\"srpw_widget-2\" class=\"widget widget_smart_recent_entries smart_recent_posts widget-shortcode area-arbitrary \"><div class=\"srpw-block srpw-default-style \"><style>.srpw-block li:first-child {\r\n    width: 100%;\r\n}\r\n.srpw-block li {\r\n    width: 48%;\r\n    float: left;\r\n    margin-right: 1%;\r\n}\r\nspan.wpp-meta.post-stats {\r\n    color: #650f9b;\r\n}\r\n.srpw-meta {\r\n    color: #650f9b;\r\n}<\/style><ul class=\"srpw-ul\"><li class=\"srpw-li srpw-clearfix\"><a class=\"srpw-img srpw-aligncenter\" href=\"https:\/\/fundacionperiodismo.org\/periodismo-por-una-vida-sin-violencia\/brisa-de-angulo-quiero-que-el-gobierno-mejore-el-trato-a-los-sobrevivientes-de-violacion\/\" target=\"_self\" rel=\"bookmark\"><img decoding=\"async\" class=\"srpw-thumbnail srpw-default-thumbnail\" src=\"\/\/placehold.it\/45x45\/f0f0f0\/ccc\" alt=\"Brisa de Angulo: \u201cQuiero que el Gobierno mejore el trato a los sobrevivientes de violaci\u00f3n\u201d\"><\/a><div class=\"srpw-content\"><a class=\"srpw-title\" href=\"https:\/\/fundacionperiodismo.org\/periodismo-por-una-vida-sin-violencia\/brisa-de-angulo-quiero-que-el-gobierno-mejore-el-trato-a-los-sobrevivientes-de-violacion\/\" target=\"_self\">Brisa de Angulo: \u201cQuiero que el Gobierno mejore el trato a los sobrevivientes de violaci\u00f3n\u201d<\/a><div class=\"srpw-meta\"><time class=\"srpw-time published\" datetime=\"2023-01-19T15:44:03+00:00\">enero 19, 2023<\/time><\/div><\/div><\/li><li class=\"srpw-li srpw-clearfix\"><a class=\"srpw-img srpw-aligncenter\" href=\"https:\/\/fundacionperiodismo.org\/periodismo-por-una-vida-sin-violencia\/municipios-crucenos-comparten-iniciativas-de-exito-en-prevencion-y-atencion-de-la-violencia\/\" target=\"_self\"><body><img decoding=\"async\" width=\"750\" height=\"360\" src=\"https:\/\/i0.wp.com\/fundacionperiodismo.org\/periodismo-por-una-vida-sin-violencia\/wp-content\/uploads\/2022\/05\/Encuentro-solidar-ok.png?resize=750%2C360&amp;ssl=1\" class=\" srpw-thumbnail wp-post-image\" alt=\"Municipios cruce\u00f1os comparten iniciativas de \u00e9xito en prevenci\u00f3n y atenci\u00f3n de la violencia\" loading=\"lazy\"><\/body><\/a><div class=\"srpw-content\"><a class=\"srpw-title\" href=\"https:\/\/fundacionperiodismo.org\/periodismo-por-una-vida-sin-violencia\/municipios-crucenos-comparten-iniciativas-de-exito-en-prevencion-y-atencion-de-la-violencia\/\" target=\"_self\">Municipios cruce\u00f1os comparten iniciativas de \u00e9xito en prevenci\u00f3n y atenci\u00f3n de la violencia<\/a><div class=\"srpw-meta\"><time class=\"srpw-time published\" datetime=\"2022-05-31T20:54:08+00:00\">mayo 31, 2022<\/time><\/div><\/div><\/li><li class=\"srpw-li srpw-clearfix\"><a class=\"srpw-img srpw-aligncenter\" href=\"https:\/\/fundacionperiodismo.org\/periodismo-por-una-vida-sin-violencia\/buenas-practicas-que-salvan-vidas-y-previenen-la-violencia-de-genero-en-cuatro-municipios\/\" target=\"_self\"><body><img decoding=\"async\" width=\"750\" height=\"360\" src=\"https:\/\/i0.wp.com\/fundacionperiodismo.org\/periodismo-por-una-vida-sin-violencia\/wp-content\/uploads\/2022\/05\/ok-ok.jpg?resize=750%2C360&amp;ssl=1\" class=\" srpw-thumbnail wp-post-image\" alt=\"Buenas pr\u00e1cticas que salvan vidas y previenen la violencia de g\u00e9nero en cuatro municipios\" loading=\"lazy\"><\/body><\/a><div class=\"srpw-content\"><a class=\"srpw-title\" href=\"https:\/\/fundacionperiodismo.org\/periodismo-por-una-vida-sin-violencia\/buenas-practicas-que-salvan-vidas-y-previenen-la-violencia-de-genero-en-cuatro-municipios\/\" target=\"_self\">Buenas pr\u00e1cticas que salvan vidas y previenen la violencia de g\u00e9nero en cuatro municipios<\/a><div class=\"srpw-meta\"><time class=\"srpw-time published\" datetime=\"2022-05-31T20:53:02+00:00\">mayo 31, 2022<\/time><\/div><\/div><\/li><li class=\"srpw-li srpw-clearfix\"><a class=\"srpw-img srpw-aligncenter\" href=\"https:\/\/fundacionperiodismo.org\/periodismo-por-una-vida-sin-violencia\/como-cineastas-nuestras-propuestas-no-deben-ser-moralistas-y-limitadas-sino-rebeldes-y-cuestionadoras\/\" target=\"_self\"><body><img decoding=\"async\" width=\"750\" height=\"360\" src=\"https:\/\/i0.wp.com\/fundacionperiodismo.org\/periodismo-por-una-vida-sin-violencia\/wp-content\/uploads\/2022\/05\/Denisse-ok.jpg?resize=750%2C360&amp;ssl=1\" class=\" srpw-thumbnail wp-post-image\" alt=\"\u201cComo cineastas, nuestras propuestas no deben ser moralistas y limitadas, sino rebeldes y cuestionadoras\u201d\" loading=\"lazy\"><\/body><\/a><div class=\"srpw-content\"><a class=\"srpw-title\" href=\"https:\/\/fundacionperiodismo.org\/periodismo-por-una-vida-sin-violencia\/como-cineastas-nuestras-propuestas-no-deben-ser-moralistas-y-limitadas-sino-rebeldes-y-cuestionadoras\/\" target=\"_self\">&#8220;Como cineastas, nuestras propuestas no deben ser moralistas y limitadas, sino rebeldes y cuestionadoras&#8221;<\/a><div class=\"srpw-meta\"><time class=\"srpw-time published\" datetime=\"2022-05-30T04:31:18+00:00\">mayo 30, 2022<\/time><\/div><\/div><\/li><li class=\"srpw-li srpw-clearfix\"><a class=\"srpw-img srpw-aligncenter\" href=\"https:\/\/fundacionperiodismo.org\/periodismo-por-una-vida-sin-violencia\/creditos-mujer-bdp-impulsan-la-autonomia-economica-de-las-mujeres\/\" target=\"_self\"><body><img decoding=\"async\" width=\"750\" height=\"360\" src=\"https:\/\/i0.wp.com\/fundacionperiodismo.org\/periodismo-por-una-vida-sin-violencia\/wp-content\/uploads\/2022\/05\/BDP-OK-LOGO.jpg?resize=750%2C360&amp;ssl=1\" class=\" srpw-thumbnail wp-post-image\" alt=\"Cr\u00e9ditos \u201cMujer BDP\u201d impulsan la autonom\u00eda econ\u00f3mica de las mujeres\" loading=\"lazy\"><\/body><\/a><div class=\"srpw-content\"><a class=\"srpw-title\" href=\"https:\/\/fundacionperiodismo.org\/periodismo-por-una-vida-sin-violencia\/creditos-mujer-bdp-impulsan-la-autonomia-economica-de-las-mujeres\/\" target=\"_self\">Cr\u00e9ditos &#8220;Mujer BDP&#8221; impulsan la autonom\u00eda econ\u00f3mica de las mujeres<\/a><div class=\"srpw-meta\"><time class=\"srpw-time published\" datetime=\"2022-05-30T04:30:28+00:00\">mayo 30, 2022<\/time><\/div><\/div><\/li><li class=\"srpw-li srpw-clearfix\"><a class=\"srpw-img srpw-aligncenter\" href=\"https:\/\/fundacionperiodismo.org\/periodismo-por-una-vida-sin-violencia\/frente-a-la-masculinidad-las-masculinidades-alternativas-promueven-la-construccion-de-una-sociedad-mas-justa\/\" target=\"_self\"><body><img decoding=\"async\" width=\"750\" height=\"360\" src=\"https:\/\/i0.wp.com\/fundacionperiodismo.org\/periodismo-por-una-vida-sin-violencia\/wp-content\/uploads\/2022\/05\/masculinidades-ok.jpg?resize=750%2C360&amp;ssl=1\" class=\" srpw-thumbnail wp-post-image\" alt=\"Frente a la masculinidad, las masculinidades alternativas promueven la construcci\u00f3n de una sociedad m\u00e1s justa\" loading=\"lazy\"><\/body><\/a><div class=\"srpw-content\"><a class=\"srpw-title\" href=\"https:\/\/fundacionperiodismo.org\/periodismo-por-una-vida-sin-violencia\/frente-a-la-masculinidad-las-masculinidades-alternativas-promueven-la-construccion-de-una-sociedad-mas-justa\/\" target=\"_self\">Frente a la masculinidad, las masculinidades alternativas promueven la construcci\u00f3n de una sociedad m\u00e1s justa<\/a><div class=\"srpw-meta\"><time class=\"srpw-time published\" datetime=\"2022-05-29T04:16:38+00:00\">mayo 29, 2022<\/time><\/div><\/div><\/li><li class=\"srpw-li srpw-clearfix\"><a class=\"srpw-img srpw-aligncenter\" href=\"https:\/\/fundacionperiodismo.org\/periodismo-por-una-vida-sin-violencia\/siesdehombres-una-campana-por-el-ejercicio-de-las-masculinidades-positivas\/\" target=\"_self\"><body><img decoding=\"async\" width=\"750\" height=\"360\" src=\"https:\/\/i0.wp.com\/fundacionperiodismo.org\/periodismo-por-una-vida-sin-violencia\/wp-content\/uploads\/2022\/05\/si-es-de-hombres-12.png?resize=750%2C360&amp;ssl=1\" class=\" srpw-thumbnail wp-post-image\" alt=\"#S\u00edEsDeHombres, una campa\u00f1a por el ejercicio de las masculinidades positivas\" loading=\"lazy\"><\/body><\/a><div class=\"srpw-content\"><a class=\"srpw-title\" href=\"https:\/\/fundacionperiodismo.org\/periodismo-por-una-vida-sin-violencia\/siesdehombres-una-campana-por-el-ejercicio-de-las-masculinidades-positivas\/\" target=\"_self\">#S\u00edEsDeHombres, una campa\u00f1a por el ejercicio de las masculinidades positivas<\/a><div class=\"srpw-meta\"><time class=\"srpw-time published\" datetime=\"2022-05-29T04:11:01+00:00\">mayo 29, 2022<\/time><\/div><\/div><\/li><li class=\"srpw-li srpw-clearfix\"><a class=\"srpw-img srpw-aligncenter\" href=\"https:\/\/fundacionperiodismo.org\/periodismo-por-una-vida-sin-violencia\/mujeres-militares-se-entrenan-en-buceo-basico-en-el-lago-titicaca\/\" target=\"_self\"><body><img decoding=\"async\" width=\"750\" height=\"360\" src=\"https:\/\/i0.wp.com\/fundacionperiodismo.org\/periodismo-por-una-vida-sin-violencia\/wp-content\/uploads\/2022\/05\/Buceo-ok.jpg?resize=750%2C360&amp;ssl=1\" class=\" srpw-thumbnail wp-post-image\" alt=\"Mujeres militares se entrenan en buceo b\u00e1sico en el lago Titicaca\" loading=\"lazy\"><\/body><\/a><div class=\"srpw-content\"><a class=\"srpw-title\" href=\"https:\/\/fundacionperiodismo.org\/periodismo-por-una-vida-sin-violencia\/mujeres-militares-se-entrenan-en-buceo-basico-en-el-lago-titicaca\/\" target=\"_self\">Mujeres militares se entrenan en buceo b\u00e1sico en el lago Titicaca<\/a><div class=\"srpw-meta\"><time class=\"srpw-time published\" datetime=\"2022-05-29T04:10:21+00:00\">mayo 29, 2022<\/time><\/div><\/div><\/li><li class=\"srpw-li srpw-clearfix\"><a class=\"srpw-img srpw-aligncenter\" href=\"https:\/\/fundacionperiodismo.org\/periodismo-por-una-vida-sin-violencia\/solo-2-de-cada-10-adolescentes-que-fueron-madres-lograron-una-profesion\/\" target=\"_self\"><body><img decoding=\"async\" width=\"750\" height=\"360\" src=\"https:\/\/i0.wp.com\/fundacionperiodismo.org\/periodismo-por-una-vida-sin-violencia\/wp-content\/uploads\/2022\/05\/maternidad-1.jpg?resize=750%2C360&amp;ssl=1\" class=\" srpw-thumbnail wp-post-image\" alt=\"Solo 2 de cada 10 adolescentes que fueron madres a edad temprana lograron una profesi\u00f3n\" loading=\"lazy\"><\/body><\/a><div class=\"srpw-content\"><a class=\"srpw-title\" href=\"https:\/\/fundacionperiodismo.org\/periodismo-por-una-vida-sin-violencia\/solo-2-de-cada-10-adolescentes-que-fueron-madres-lograron-una-profesion\/\" target=\"_self\">Solo 2 de cada 10 adolescentes que fueron madres a edad temprana lograron una profesi\u00f3n<\/a><div class=\"srpw-meta\"><time class=\"srpw-time published\" datetime=\"2022-05-27T20:17:11+00:00\">mayo 27, 2022<\/time><\/div><\/div><\/li><li class=\"srpw-li srpw-clearfix\"><a class=\"srpw-img srpw-aligncenter\" href=\"https:\/\/fundacionperiodismo.org\/periodismo-por-una-vida-sin-violencia\/en-5-meses-feminicidas-les-arrebataron-sus-madres-a-63-hijos-e-hijas\/\" target=\"_self\"><body><img decoding=\"async\" width=\"750\" height=\"360\" src=\"https:\/\/i0.wp.com\/fundacionperiodismo.org\/periodismo-por-una-vida-sin-violencia\/wp-content\/uploads\/2022\/05\/oveja.jpg?resize=750%2C360&amp;ssl=1\" class=\" srpw-thumbnail wp-post-image\" alt=\"En 5 meses, feminicidas les arrebataron sus madres a 63 hijos e hijas\" loading=\"lazy\"><\/body><\/a><div class=\"srpw-content\"><a class=\"srpw-title\" href=\"https:\/\/fundacionperiodismo.org\/periodismo-por-una-vida-sin-violencia\/en-5-meses-feminicidas-les-arrebataron-sus-madres-a-63-hijos-e-hijas\/\" target=\"_self\">En 5 meses, feminicidas les arrebataron sus madres a 63 hijos e hijas<\/a><div class=\"srpw-meta\"><time class=\"srpw-time published\" datetime=\"2022-05-27T19:44:38+00:00\">mayo 27, 2022<\/time><\/div><\/div><\/li><li class=\"srpw-li srpw-clearfix\"><a class=\"srpw-img srpw-aligncenter\" href=\"https:\/\/fundacionperiodismo.org\/periodismo-por-una-vida-sin-violencia\/dos-tercios-de-las-victimas-de-feminicidio-tenian-entre-21-y-40-anos-de-edad\/\" target=\"_self\"><body><img decoding=\"async\" width=\"750\" height=\"360\" src=\"https:\/\/i0.wp.com\/fundacionperiodismo.org\/periodismo-por-una-vida-sin-violencia\/wp-content\/uploads\/2022\/05\/34-edad-copias.png?resize=750%2C360&amp;ssl=1\" class=\" srpw-thumbnail wp-post-image\" alt=\"Dos tercios de las v\u00edctimas de feminicidio ten\u00edan entre 21 y 40 a\u00f1os de edad\" loading=\"lazy\"><\/body><\/a><div class=\"srpw-content\"><a class=\"srpw-title\" href=\"https:\/\/fundacionperiodismo.org\/periodismo-por-una-vida-sin-violencia\/dos-tercios-de-las-victimas-de-feminicidio-tenian-entre-21-y-40-anos-de-edad\/\" target=\"_self\">Dos tercios de las v\u00edctimas de feminicidio ten\u00edan entre 21 y 40 a\u00f1os de edad<\/a><div class=\"srpw-meta\"><time class=\"srpw-time published\" datetime=\"2022-05-16T03:30:39+00:00\">mayo 16, 2022<\/time><\/div><\/div><\/li><\/ul><\/div><!-- Generated by http:\/\/wordpress.org\/plugins\/smart-recent-posts-widget\/ --><\/div><!-- \/Widget Shortcode --><\/p>\n<\/body>","protected":false},"excerpt":{"rendered":"","protected":false},"author":1,"featured_media":0,"parent":0,"menu_order":0,"comment_status":"closed","ping_status":"closed","template":"","meta":{"om_disable_all_campaigns":false,"footnotes":""},"class_list":["post-196","page","type-page","status-publish","hentry"],"jetpack_sharing_enabled":true,"_links":{"self":[{"href":"https:\/\/fundacionperiodismo.org\/periodismo-por-una-vida-sin-violencia\/wp-json\/wp\/v2\/pages\/196","targetHints":{"allow":["GET"]}}],"collection":[{"href":"https:\/\/fundacionperiodismo.org\/periodismo-por-una-vida-sin-violencia\/wp-json\/wp\/v2\/pages"}],"about":[{"href":"https:\/\/fundacionperiodismo.org\/periodismo-por-una-vida-sin-violencia\/wp-json\/wp\/v2\/types\/page"}],"author":[{"embeddable":true,"href":"https:\/\/fundacionperiodismo.org\/periodismo-por-una-vida-sin-violencia\/wp-json\/wp\/v2\/users\/1"}],"replies":[{"embeddable":true,"href":"https:\/\/fundacionperiodismo.org\/periodismo-por-una-vida-sin-violencia\/wp-json\/wp\/v2\/comments?post=196"}],"version-history":[{"count":3,"href":"https:\/\/fundacionperiodismo.org\/periodismo-por-una-vida-sin-violencia\/wp-json\/wp\/v2\/pages\/196\/revisions"}],"predecessor-version":[{"id":253,"href":"https:\/\/fundacionperiodismo.org\/periodismo-por-una-vida-sin-violencia\/wp-json\/wp\/v2\/pages\/196\/revisions\/253"}],"wp:attachment":[{"href":"https:\/\/fundacionperiodismo.org\/periodismo-por-una-vida-sin-violencia\/wp-json\/wp\/v2\/media?parent=196"}],"curies":[{"name":"wp","href":"https:\/\/api.w.org\/{rel}","templated":true}]}}