{"id":481,"date":"2022-01-17T17:35:11","date_gmt":"2022-01-17T17:35:11","guid":{"rendered":"https:\/\/fundacionperiodismo.org\/periodismo-por-una-vida-sin-violencia\/?page_id=481"},"modified":"2022-05-23T18:47:19","modified_gmt":"2022-05-23T18:47:19","slug":"red-de-periodistas","status":"publish","type":"page","link":"https:\/\/fundacionperiodismo.org\/periodismo-por-una-vida-sin-violencia\/red-de-periodistas\/","title":{"rendered":"Red de periodistas"},"content":{"rendered":"<body><p>\u00a0<\/p>\n<p>\u00a0<\/p>\n<p>La <strong><span style=\"color: #800080;\">RED DE PERIODISMO PARA UNA VIDA SIN VIOLENCIA<\/span><\/strong> est\u00e1 conformada por periodistas bolivianas y bolivianos de diversas regiones del pa\u00eds, que han adquirido conocimientos, herramientas y habilidades actitudinales para la producci\u00f3n de material informativo con enfoque de g\u00e9nero, a fin de promover una una vida libre de violencia para las mujeres. Las y los miembros de la Red han desarrollado un elevado sentido cr\u00edtico sobre esta problem\u00e1tica y sobre el impacto de su rol en la sociedad.<\/p>\n<p>\u00a0<\/p>\n<p>\u00a0<\/p>\n<p style=\"text-align: center;\"><iframe loading=\"lazy\" src=\"https:\/\/fppbolivia.com\/controladores\/cursos327\/mensajes239\/formRedPeriodistas?codigo=272\" width=\"100%\" height=\"1300\" frameborder=\"0\" scrolling=\"auto\" ><\/iframe><\/p>\n<p>\u00a0<\/p>\n<p style=\"text-align: center;\"><span style=\"color: #800080;\"><strong><u>RED DE PERIODISMO PARA UNA VIDA SIN VIOLENCIA<\/u><\/strong><\/span><\/p>\n<p>\u00a0<\/p>\n<p><span style=\"color: #800080;\"><strong>Justificaci\u00f3n<\/strong><\/span><\/p>\n<p>La violencia en contra de las mujeres, ni\u00f1as, ni\u00f1os y adolescentes se ha constituido en una de las principales problem\u00e1ticas que impactan negativamente en el desarrollo integral y sostenible de la sociedad boliviana. Las cifras de feminicidios \u2014un promedio de 100 por a\u00f1o\u2014 y los casos de violencia en raz\u00f3n de g\u00e9nero \u2014que representan casi el 50% del total de denuncias reportadas por el Ministerio P\u00fablico\u2014 son la expresi\u00f3n de la virulencia con que la violencia afecta a las mujeres en el pa\u00eds.<\/p>\n<p>Entre los diversos factores que coadyuvan a reforzar la violencia, desde diversos frentes se viene analizando la influencia que tienen los medios de comunicaci\u00f3n y el periodismo en la sociedad y en la forma en que cada ciudadano y ciudadana interpretan la realidad y se hacen una noci\u00f3n de esta. As\u00ed, los contenidos de la producci\u00f3n medi\u00e1tica e informativa moldean, construyen y validan la opini\u00f3n p\u00fablica y un imaginario social.<\/p>\n<p>Por eso, en la V Conferencia Mundial sobre la Mujer (1995), los medios de comunicaci\u00f3n han sido identificados por la Plataforma de Acci\u00f3n de Beijing como una de las 12 esferas claves para el cumplimiento de la agenda mundial de igualdad de g\u00e9nero.<\/p>\n<p>En ese marco, el proyecto Vida Sin Violencia de Solidar Suiza, financiado por la Agencia Sueca de Cooperaci\u00f3n para el Desarrollo Internacional ASDI, y la Fundaci\u00f3n para el Periodismo (FPP) impulsan la creaci\u00f3n de la Red de Periodismo para una Vida sin Violencia, cuyos objetivos y alcances se describen a continuaci\u00f3n:<\/p>\n<p><span style=\"color: #800080;\"><strong><br>\nParticipantes<\/strong><\/span><\/p>\n<p>La Red est\u00e1 conformada por las y los periodistas participantes del Diplomado Violencia de G\u00e9nero, Derechos de las Mujeres y Periodismo, que han adquirido los conocimientos y las herramientas para la producci\u00f3n de material informativo con enfoque de g\u00e9nero y han desarrollado un elevado sentido cr\u00edtico sobre esta problem\u00e1tica y sobre el impacto de su rol en la sociedad, a fin de promover una vida libre de violencia para las mujeres.<\/p>\n<p><span style=\"color: #800080;\"><strong><br>\nObjetivo <\/strong><\/span><\/p>\n<p>Impulsar una agenda informativa con enfoque de g\u00e9nero que promueva la erradicaci\u00f3n de todo tipo de violencia hacia las mujeres e impulse el ejercicio pleno de sus derechos humanos.<\/p>\n<p><span style=\"color: #800080;\"><strong><br>\nObjetivos Espec\u00edficos<\/strong><\/span><\/p>\n<ul>\n<li>Difundir informaci\u00f3n de calidad sobre equidad de g\u00e9nero y lucha contra la violencia hacia las mujeres a trav\u00e9s de redes digitales propias y medios aliados, a fin de incidir en la prevenci\u00f3n, atenci\u00f3n y sanci\u00f3n de los hechos de violencia y promover la construcci\u00f3n de una sociedad m\u00e1s justa e inclusiva.<\/li>\n<li><\/li>\n<li>Compartir buenas pr\u00e1cticas period\u00edsticas relativas a la producci\u00f3n de material informativo con enfoque de g\u00e9nero, que sirvan como gu\u00eda para la elaboraci\u00f3n de noticias.<\/li>\n<li><\/li>\n<li>Generar un espacio de reflexi\u00f3n, discusi\u00f3n y an\u00e1lisis \u2014plural, responsable y respetuoso\u2014 sobre tem\u00e1ticas relacionadas con la lucha contra la violencia de g\u00e9nero y la producci\u00f3n informativa y comunicacional.<\/li>\n<li><\/li>\n<li>Compartir e intercambiar informaci\u00f3n para el fortalecimiento de sus capacidades como periodistas comprometidos y comprometidas con el enfoque de g\u00e9nero.<\/li>\n<li><\/li>\n<li>Propiciar la cooperaci\u00f3n estrecha entre las y los participantes para la producci\u00f3n de material informativo con enfoque de g\u00e9nero.<\/li>\n<\/ul>\n<p><span style=\"color: #800080;\"><strong><br>\nRecursos<\/strong><\/span><\/p>\n<p>Las y los periodistas que conforman la Red de Periodismo para una Vida sin Violencia se mantendr\u00e1n interconectados por dos canales: una red digital propia \u2014a trav\u00e9s de una cuenta ya en funcionamiento en la aplicaci\u00f3n WhatsApp\u2014 y la plataforma y las redes sociales de la Fundaci\u00f3n para el Periodismo. En tanto que los medios de comunicaci\u00f3n en los que las y los periodistas desempe\u00f1an su trabajo se constituir\u00e1n en los espacios para la difusi\u00f3n de la producci\u00f3n period\u00edstica de cada una o uno de sus miembros.<\/p>\n<p>Para el acompa\u00f1amiento y la moderaci\u00f3n de las actividades, la red cuenta con el apoyo de una tutor\u00eda.<\/p>\n<p>\u00a0<\/p>\n<p>\u00a0<\/p>\n<\/body>","protected":false},"excerpt":{"rendered":"<p>\u00a0 \u00a0 La RED DE PERIODISMO PARA UNA VIDA SIN VIOLENCIA est\u00e1 conformada por periodistas bolivianas y bolivianos de diversas regiones del pa\u00eds, que han adquirido conocimientos, herramientas y habilidades actitudinales para la producci\u00f3n de material informativo con enfoque de g\u00e9nero, a fin de promover una una vida libre de violencia para las mujeres. Las [&hellip;]<\/p>\n","protected":false},"author":1,"featured_media":0,"parent":0,"menu_order":0,"comment_status":"closed","ping_status":"closed","template":"","meta":{"om_disable_all_campaigns":false,"footnotes":""},"class_list":["post-481","page","type-page","status-publish","hentry"],"jetpack_sharing_enabled":true,"_links":{"self":[{"href":"https:\/\/fundacionperiodismo.org\/periodismo-por-una-vida-sin-violencia\/wp-json\/wp\/v2\/pages\/481","targetHints":{"allow":["GET"]}}],"collection":[{"href":"https:\/\/fundacionperiodismo.org\/periodismo-por-una-vida-sin-violencia\/wp-json\/wp\/v2\/pages"}],"about":[{"href":"https:\/\/fundacionperiodismo.org\/periodismo-por-una-vida-sin-violencia\/wp-json\/wp\/v2\/types\/page"}],"author":[{"embeddable":true,"href":"https:\/\/fundacionperiodismo.org\/periodismo-por-una-vida-sin-violencia\/wp-json\/wp\/v2\/users\/1"}],"replies":[{"embeddable":true,"href":"https:\/\/fundacionperiodismo.org\/periodismo-por-una-vida-sin-violencia\/wp-json\/wp\/v2\/comments?post=481"}],"version-history":[{"count":7,"href":"https:\/\/fundacionperiodismo.org\/periodismo-por-una-vida-sin-violencia\/wp-json\/wp\/v2\/pages\/481\/revisions"}],"predecessor-version":[{"id":1114,"href":"https:\/\/fundacionperiodismo.org\/periodismo-por-una-vida-sin-violencia\/wp-json\/wp\/v2\/pages\/481\/revisions\/1114"}],"wp:attachment":[{"href":"https:\/\/fundacionperiodismo.org\/periodismo-por-una-vida-sin-violencia\/wp-json\/wp\/v2\/media?parent=481"}],"curies":[{"name":"wp","href":"https:\/\/api.w.org\/{rel}","templated":true}]}}