{"id":514,"date":"2022-01-20T14:24:44","date_gmt":"2022-01-20T14:24:44","guid":{"rendered":"https:\/\/fundacionperiodismo.org\/periodismo-por-una-vida-sin-violencia\/?page_id=514"},"modified":"2022-07-19T02:47:47","modified_gmt":"2022-07-19T02:47:47","slug":"buenas-practicas","status":"publish","type":"page","link":"https:\/\/fundacionperiodismo.org\/periodismo-por-una-vida-sin-violencia\/buenas-practicas\/","title":{"rendered":"Buenas pr\u00e1cticas"},"content":{"rendered":"<body><p><\/p>\u00a0\n<p><img data-recalc-dims=\"1\" decoding=\"async\" class=\"aligncenter size-large wp-image-566\" src=\"https:\/\/i0.wp.com\/fundacionperiodismo.org\/periodismo-por-una-vida-sin-violencia\/wp-content\/uploads\/2022\/01\/periodismo.jpg?resize=640%2C445&#038;ssl=1\" alt=\"Periodismo \" width=\"640\" height=\"445\" loading=\"lazy\" srcset=\"https:\/\/i0.wp.com\/fundacionperiodismo.org\/periodismo-por-una-vida-sin-violencia\/wp-content\/uploads\/2022\/01\/periodismo-scaled.jpg?resize=1024%2C712&amp;ssl=1 1024w, https:\/\/i0.wp.com\/fundacionperiodismo.org\/periodismo-por-una-vida-sin-violencia\/wp-content\/uploads\/2022\/01\/periodismo-scaled.jpg?resize=300%2C208&amp;ssl=1 300w, https:\/\/i0.wp.com\/fundacionperiodismo.org\/periodismo-por-una-vida-sin-violencia\/wp-content\/uploads\/2022\/01\/periodismo-scaled.jpg?resize=768%2C534&amp;ssl=1 768w, https:\/\/i0.wp.com\/fundacionperiodismo.org\/periodismo-por-una-vida-sin-violencia\/wp-content\/uploads\/2022\/01\/periodismo-scaled.jpg?resize=1536%2C1067&amp;ssl=1 1536w, https:\/\/i0.wp.com\/fundacionperiodismo.org\/periodismo-por-una-vida-sin-violencia\/wp-content\/uploads\/2022\/01\/periodismo-scaled.jpg?resize=2048%2C1423&amp;ssl=1 2048w, https:\/\/i0.wp.com\/fundacionperiodismo.org\/periodismo-por-una-vida-sin-violencia\/wp-content\/uploads\/2022\/01\/periodismo-scaled.jpg?w=1280&amp;ssl=1 1280w, https:\/\/i0.wp.com\/fundacionperiodismo.org\/periodismo-por-una-vida-sin-violencia\/wp-content\/uploads\/2022\/01\/periodismo-scaled.jpg?w=1920&amp;ssl=1 1920w\" sizes=\"auto, (max-width: 640px) 100vw, 640px\" \/><\/p>\n<p>\u00a0<\/p>\n<p>En este espacio compartimos algunos de los productos period\u00edsticos elaborados por las y los participantes de la <span style=\"color: #800080;\"><strong>RED DE PERIODISMO PARA UNA VIDA SIN VIOLENCIA<\/strong><\/span>.<br>\nTe invitamos a ver, o\u00edr y leer los materiales, que abordan diversas tem\u00e1ticas.<\/p>\n<p>\u00a0<\/p>\n<p>T\u00edtulo: <strong>Unidad de G\u00e9nero de la Polic\u00eda atendi\u00f3 27 denuncias de agresiones a uniformadas<\/strong><\/p>\n<p>Medio: P\u00e1gina 7<\/p>\n<p>Acceso <span style=\"color: #ff9900;\">click aqu\u00ed<\/span>: <a href=\"https:\/\/bit.ly\/3OmxKDU\">https:\/\/bit.ly\/3OmxKDU<\/a><\/p>\n<p>\u00a0<\/p>\n<p>T\u00edtulo:<b> <\/b><strong>Acoso sexual en la UMSA: 7 procesos y cientos de casos apa\u00f1ados por roscas<\/strong><\/p>\n<p>Medio: P\u00e1gina 7<\/p>\n<p>Acceso <span style=\"color: #ff9900;\">click aqu\u00ed<\/span>: <a href=\"https:\/\/bit.ly\/3yTHvUe\">https:\/\/bit.ly\/3yTHvUe<\/a><\/p>\n<p>\u00a0<\/p>\n<p>T\u00edtulo: <strong>Los toques imp\u00fadicos son abuso sexual, delito que es penado hasta 15 a\u00f1os de c\u00e1rcel<\/strong><\/p>\n<p>Medio: Unitel<\/p>\n<p>Acceso <span style=\"color: #ff9900;\">click aqu\u00ed<\/span>: <a href=\"https:\/\/bit.ly\/3ioTYHW\">https:\/\/bit.ly\/3ioTYHW<\/a><\/p>\n<p>\u00a0<\/p>\n<p>T\u00edtulo: <strong>En su ni\u00f1ez, Mery Mamani cuidaba las vacas; hoy se prepara para cursar una maestr\u00eda en EEUU<\/strong><\/p>\n<p>Autor: Erick Ortega<\/p>\n<p>Medio: P\u00e1gina 7<\/p>\n<p><span style=\"color: #ff9900;\"><span style=\"color: #333333;\">Acceso<\/span> <\/span><span style=\"color: #ff9900;\">click aqu\u00ed<\/span>: <a href=\"https:\/\/bit.ly\/3N6u8Xj\">https:\/\/bit.ly\/3N6u8Xj<\/a><\/p>\n<p>\u00a0<\/p>\n<p>T\u00edtulo: <strong>Feminicidios, v\u00edctimas condenas al olvido<\/strong><\/p>\n<p>Autores: Guadalupe Castillo, Mariana Torrez, Daniel Rivera<\/p>\n<p>Medio: El Pa\u00eds<\/p>\n<p><span style=\"color: #ff9900;\"><span style=\"color: #333333;\">Acceso<\/span> <\/span><span style=\"color: #ff9900;\">click aqu\u00ed<\/span>: <a href=\"https:\/\/bit.ly\/3tguxyB\">https:\/\/bit.ly\/3tguxyB<\/a><\/p>\n<p>\u00a0<\/p>\n<p>T\u00edtulo: <strong>Desconocimiento y arreglos fuera de la justicia obligan a ni\u00f1as violadas a ser madres<\/strong><\/p>\n<p>Autoras: Aleja Cuevas y Karen Gil<\/p>\n<p>Medio: La Brava, con reproducciones en P\u00e1gina 7, ANF y TalCual<\/p>\n<p>Acceso <span style=\"color: #ff9900;\">click aqu\u00ed<\/span>: <a href=\"https:\/\/bit.ly\/3pMxLHU\">https:\/\/bit.ly\/3pMxLHU<\/a><\/p>\n<p>\u00a0<\/p>\n<p>T\u00edtulo: <strong>Cinco cient\u00edficas exitosas demuestran que no hay l\u00edmites para los sue\u00f1os<\/strong><\/p>\n<p>Autor: Erick Ortega<\/p>\n<p>Medio: P\u00e1gina 7<\/p>\n<p>Acceso <span style=\"color: #ff9900;\">click aqu\u00ed<\/span>: <a href=\"https:\/\/bit.ly\/3hRvkPM\">https:\/\/bit.ly\/3hRvkPM<\/a><\/p>\n<p>\u00a0<\/p>\n<p>T\u00edtulo: <strong>La Justicia tarda m\u00e1s para resolver casos de feminicidio que de cualquier otro delito<\/strong><\/p>\n<p>Autores: Guadalupe Catillo, Mariana T\u00f3rrez, Daniel Rivera<\/p>\n<p>Medio: P\u00e1gina 7 y El Pa\u00eds<\/p>\n<p>Accesos <span style=\"color: #ff9900;\">click aqu\u00ed<\/span>: <a href=\"https:\/\/bit.ly\/3twfYFW\">https:\/\/bit.ly\/3twfYFW<\/a>\u00a0 o alternativamente:\u00a0 https:\/\/bit.ly\/3pNM1Qx<\/p>\n<p>\u00a0<\/p>\n<p>T\u00edtulo: <strong>Familiares de v\u00edctimas pierden dinero, se endeudan y enferman buscando justicia<\/strong><\/p>\n<p>Autora: Esther Mamani<\/p>\n<p>Medio: Guardiana<\/p>\n<p>Acceso <span style=\"color: #ff9900;\">click aqu\u00ed<\/span>: <a href=\"https:\/\/bit.ly\/3MKc1GD\">https:\/\/bit.ly\/3MKc1GD<\/a><\/p>\n<p>\u00a0<\/p>\n<p>T\u00edtulo: <strong>Leyes no facilitan emprendimientos de mujeres y generan p\u00e9rdidas econ\u00f3micas<\/strong><\/p>\n<p>Autor: Daniel Guti\u00e9rrez<\/p>\n<p>Medio: El Diario<\/p>\n<p>Acceso <span style=\"color: #ff9900;\">click aqu\u00ed<\/span>: <a href=\"https:\/\/bit.ly\/375vKQp\">https:\/\/bit.ly\/375vKQp<\/a><\/p>\n<p>\u00a0<\/p>\n<p>T\u00edtulo: <strong>Embarazos adolescentes condenan a menores a servir a sus parejas<\/strong><\/p>\n<p>Autora: Brenda Molina<\/p>\n<p>Medio: Opini\u00f3n<\/p>\n<p>Acceso <span style=\"color: #ff9900;\">click aqu\u00ed:<\/span> <a href=\"https:\/\/bit.ly\/3tKItjs\">https:\/\/bit.ly\/3tKItjs<\/a><\/p>\n<p>\u00a0<\/p>\n<p>T\u00edtulo: <strong>Responsabilidad en la salud reproductiva<\/strong><\/p>\n<p>Autor: Ramiro Charcas<\/p>\n<p>Medio: RTP<\/p>\n<p>Acceso <span style=\"color: #ff9900;\">click aqu\u00ed<\/span>: <a href=\"https:\/\/bit.ly\/33SOpNQ\">https:\/\/bit.ly\/33SOpNQ<\/a><\/p>\n<p>\u00a0<\/p>\n<p>T\u00edtulo: <strong>Huellas de corte machista en los feminicidios<\/strong><\/p>\n<p>Autora: Esther Mamani<\/p>\n<p>Medio: Guardiana<\/p>\n<p>Acceso <span style=\"color: #ff9900;\">click aqu\u00ed:<\/span> <a href=\"https:\/\/bit.ly\/3hLrDLJ\">https:\/\/bit.ly\/3hLrDLJ<\/a><\/p>\n<p>\u00a0<\/p>\n<p>T\u00edtulo: <strong>La boliviana Celia Figueroa, pionera en la aviaci\u00f3n y la medicina<\/strong><\/p>\n<p>Autor: Erick Ortega<\/p>\n<p>Medio: P\u00e1gina 7<\/p>\n<p>Acceso <span style=\"color: #ff9900;\">click aqu\u00ed:<\/span> <a href=\"https:\/\/bit.ly\/3rDSHAK\">https:\/\/bit.ly\/3rDSHAK<\/a><\/p>\n<p>\u00a0<\/p>\n<p>T\u00edtulo: <strong>Ocho de cada 10 mujeres han sufrido acoso y violencia pol\u00edtica<\/strong><\/p>\n<p>Autora: M\u00f3nica Pacheco<\/p>\n<p>Medio: La Raz\u00f3n<\/p>\n<p>Acceso <span style=\"color: #ff9900;\">click aqu\u00ed<\/span>: <a href=\"https:\/\/bit.ly\/3tKJo4Y\">https:\/\/bit.ly\/3tKJo4Y<\/a><\/p>\n<p>\u00a0<\/p>\n<p>T\u00edtulo: <strong>La paridad y la participaci\u00f3n pol\u00edtica de las mujeres en Bolivia<\/strong><\/p>\n<p>Autor: Rodrigo Pacheco<\/p>\n<p>Medio: Inmediaciones.org<\/p>\n<p>Acceso <span style=\"color: #ff9900;\">click aqu\u00ed<\/span>:<a href=\"https:\/\/bit.ly\/3ClDnha\">https:\/\/bit.ly\/3ClDnha<\/a><\/p>\n<p>\u00a0<\/p>\n<p>T\u00edtulo: <strong>La violencia dom\u00e9stica es el delito m\u00e1s cometido en el pa\u00eds<\/strong><\/p>\n<p>Autora: Brenda Molina<\/p>\n<p>Medio: Opini\u00f3n<\/p>\n<p>Acceso <span style=\"color: #ff9900;\">click aqu\u00ed<\/span>: <a href=\"https:\/\/bit.ly\/3tFmGJS\">https:\/\/bit.ly\/3tFmGJS<\/a><\/p>\n<p>\u00a0<\/p>\n<p>T\u00edtulo: <strong>Las mujeres que solo quer\u00edan trabajar<\/strong><\/p>\n<p>Autora: Esther Mamani<\/p>\n<p>Medio: La Brava<\/p>\n<p>Acceso <span style=\"color: #ff9900;\">click aqu\u00ed:<\/span> <a href=\"https:\/\/bit.ly\/3IXSyjd\">https:\/\/bit.ly\/3IXSyjd<\/a><\/p>\n<p>\u00a0<\/p>\n<p>T\u00edtulo: <strong>En Brasil, mujeres periodistas reciben m\u00e1s del doble de ofensas en Twitter que sus colegas hombres<\/strong><\/p>\n<p>Autora: Jamile Santana<\/p>\n<p>Medio: Inmediaciones.org<\/p>\n<p>Acceso <span style=\"color: #ff9900;\">click aqu\u00ed:<\/span> <a href=\"https:\/\/bit.ly\/3HL27kc\">https:\/\/bit.ly\/3HL27kc<\/a><\/p>\n<p>\u00a0<\/p>\n<p>T\u00edtulo: <strong>\u00bfQu\u00e9 normas vulnera Bolivisi\u00f3n al entrevistar a la hija de una v\u00edctima de feminicidio?<\/strong><\/p>\n<p>Autoras: Dayana Mart\u00ednez y Mijail Miranda<br>\nEdici\u00f3n: Michelle Nogales<\/p>\n<p>Medio: Muy Waso<\/p>\n<p>Acceso<span style=\"color: #ff9900;\"> click aqu\u00ed<\/span>: <a href=\"https:\/\/bit.ly\/3GLUAly\">https:\/\/bit.ly\/3GLUAly<\/a><\/p>\n<p>\u00a0<\/p>\n<p>\u00a0<\/p>\n<\/body>","protected":false},"excerpt":{"rendered":"<p>\u00a0 \u00a0 En este espacio compartimos algunos de los productos period\u00edsticos elaborados por las y los participantes de la RED DE PERIODISMO PARA UNA VIDA SIN VIOLENCIA. Te invitamos a ver, o\u00edr y leer los materiales, que abordan diversas tem\u00e1ticas. \u00a0 T\u00edtulo: Unidad de G\u00e9nero de la Polic\u00eda atendi\u00f3 27 denuncias de agresiones a uniformadas [&hellip;]<\/p>\n","protected":false},"author":1,"featured_media":0,"parent":0,"menu_order":0,"comment_status":"closed","ping_status":"closed","template":"","meta":{"om_disable_all_campaigns":false,"footnotes":""},"class_list":["post-514","page","type-page","status-publish","hentry"],"jetpack_sharing_enabled":true,"_links":{"self":[{"href":"https:\/\/fundacionperiodismo.org\/periodismo-por-una-vida-sin-violencia\/wp-json\/wp\/v2\/pages\/514","targetHints":{"allow":["GET"]}}],"collection":[{"href":"https:\/\/fundacionperiodismo.org\/periodismo-por-una-vida-sin-violencia\/wp-json\/wp\/v2\/pages"}],"about":[{"href":"https:\/\/fundacionperiodismo.org\/periodismo-por-una-vida-sin-violencia\/wp-json\/wp\/v2\/types\/page"}],"author":[{"embeddable":true,"href":"https:\/\/fundacionperiodismo.org\/periodismo-por-una-vida-sin-violencia\/wp-json\/wp\/v2\/users\/1"}],"replies":[{"embeddable":true,"href":"https:\/\/fundacionperiodismo.org\/periodismo-por-una-vida-sin-violencia\/wp-json\/wp\/v2\/comments?post=514"}],"version-history":[{"count":6,"href":"https:\/\/fundacionperiodismo.org\/periodismo-por-una-vida-sin-violencia\/wp-json\/wp\/v2\/pages\/514\/revisions"}],"predecessor-version":[{"id":1238,"href":"https:\/\/fundacionperiodismo.org\/periodismo-por-una-vida-sin-violencia\/wp-json\/wp\/v2\/pages\/514\/revisions\/1238"}],"wp:attachment":[{"href":"https:\/\/fundacionperiodismo.org\/periodismo-por-una-vida-sin-violencia\/wp-json\/wp\/v2\/media?parent=514"}],"curies":[{"name":"wp","href":"https:\/\/api.w.org\/{rel}","templated":true}]}}