{"id":130,"date":"2025-04-02T20:25:38","date_gmt":"2025-04-02T20:25:38","guid":{"rendered":"https:\/\/fundacionperiodismo.org\/premio-nacional-de-periodismo-con-perspectiva-de-genero\/?page_id=130"},"modified":"2025-04-04T15:33:12","modified_gmt":"2025-04-04T15:33:12","slug":"medios-digitales","status":"publish","type":"page","link":"https:\/\/fundacionperiodismo.org\/premio-nacional-de-periodismo-con-perspectiva-de-genero\/medios-digitales\/","title":{"rendered":"Medios Digitales"},"content":{"rendered":"\n<h1>\n\t\tCATEGOR\u00cdA MEDIOS DIGITALES\n\t<\/h1>\n<h3>\n\t\tPRIMER LUGAR\n\t<\/h3>\n\t\t\t\t<a href=\"https:\/\/revistalabrava.com\/licencias-obligadas-y-retencion-de-salarios-formas-para-presionar-a-concejalas-a-renunciar\/\"  target=\"_blank\" rel=\"noopener\"  itemprop=\"url\">\n\t\t\t\t<img loading=\"lazy\" decoding=\"async\" src=\"https:\/\/fundacionperiodismo.org\/premio-nacional-de-periodismo-con-perspectiva-de-genero\/wp-content\/uploads\/2025\/04\/a1.jpg\" alt=\"a1\" itemprop=\"image\" height=\"300\" width=\"500\" title=\"a1\" onerror=\"this.style.display='none'\"  \/>\n\t\t\t\t<\/a>\n<h5>\n\t\tAleja Cuevas Pacohuanca\n\t<\/h5>\n<h4>\n\t\tLicencias obligadas y retenci\u00f3n de salarios, formas para presionar a concejalas a renunciar\n\t<\/h4>\n\t<p>\u00abEl reportaje \u00ab\u00bbLicencias obligadas y retenci\u00f3n de salarios, formas para presionar a concejalas a renunciar\u00bb\u00bb revela que, a 10 a\u00f1os de la vigencia de la Ley 243, Contra el Acoso y Violencia Pol\u00edtica hacia las Mujeres, las mujeres autoridades electas que han sido elegidas en las urnas, a\u00fan son hostigadas a dejar su cargo, bajo una presi\u00f3n a firmar su \u00ablicencia\u00bb en medio de actos de hostigamiento, as\u00ed como la retenci\u00f3n de salarios a las autoridades, estas son formas de violencia pol\u00edtica que persisten, sobre todo, contra las concejalas y as\u00ed lo demuestran el testimonio de las mismas autoridades electas y los reportes de la Asociaci\u00f3n de Concejalas y Alcaldesas de Bolivia (Acobol) y de la Defensor\u00eda del Pueblo.\u00bb<\/p>\nMedio de comunicaci\u00f3n: <strong>La Brava<br \/>\n<\/strong>\n\t\t\t<a href=\"https:\/\/revistalabrava.com\/licencias-obligadas-y-retencion-de-salarios-formas-para-presionar-a-concejalas-a-renunciar\/\" target=\"_blank\" rel=\"noopener\">\n\t\t\t\t\t\t\tVER REPORTAJE\n\t\t\t\t\t<\/a>\n<h3>\n\t\tSEGUNDO LUGAR\n\t<\/h3>\n\t\t\t\t<a href=\"https:\/\/muywaso.com\/la-machocracia-de-las-universidades-bolivianas-y-su-deuda-con-la-paridad\/\"  target=\"_blank\" rel=\"noopener\"  itemprop=\"url\">\n\t\t\t\t<img loading=\"lazy\" decoding=\"async\" src=\"https:\/\/fundacionperiodismo.org\/premio-nacional-de-periodismo-con-perspectiva-de-genero\/wp-content\/uploads\/2025\/04\/a2.jpg\" alt=\"a2\" itemprop=\"image\" height=\"300\" width=\"500\" title=\"a2\" onerror=\"this.style.display='none'\"  \/>\n\t\t\t\t<\/a>\n<h5>\n\t\tRocio Karla Corrales Olivera\n\t<\/h5>\n<h4>\n\t\tLa machocracia de las universidades bolivianas y su deuda con la paridad\n\t<\/h4>\n\t<p>El reportaje analiza la persistente disparidad de g\u00e9nero en la estructura de poder y representaci\u00f3n dentro del sistema universitario boliviano. A pesar de que las mujeres constituyen una mayor\u00eda estudiantil y graduada, siguen estando subrepresentadas en cargos de decisi\u00f3n y liderazgo. Se destaca la falta de presencia femenina en rectores, delegados en congresos universitarios y otros roles de influencia, lo que refleja una estructura institucional marcada por el machismo y el patriarcado. Se se\u00f1alan iniciativas para promover la igualdad de g\u00e9nero, pero tambi\u00e9n se evidencian obst\u00e1culos y resistencias, como la persistencia de la violencia pol\u00edtica y la falta de acciones concretas para abordarla. El reportaje destaca la necesidad de reflexi\u00f3n y acci\u00f3n tanto a nivel institucional como comunitario para lograr una universidad verdaderamente inclusiva y equitativa.<\/p>\nMedio de comunicaci\u00f3n:\u00a0<strong>Muy Waso<br \/>\n<\/strong>\n\t\t\t<a href=\"https:\/\/muywaso.com\/la-machocracia-de-las-universidades-bolivianas-y-su-deuda-con-la-paridad\/\" target=\"_blank\" rel=\"noopener\">\n\t\t\t\t\t\t\tVER REPORTAJE\n\t\t\t\t\t<\/a>\n<h3>\n\t\tTERCER LUGAR\n\t<\/h3>\n\t\t\t\t<a href=\"https:\/\/muywaso.com\/constructoras-en-bolivia-mujeres-que-construyen-y-deconstruyen\/\"  target=\"_blank\" rel=\"noopener\"  itemprop=\"url\">\n\t\t\t\t<img loading=\"lazy\" decoding=\"async\" src=\"https:\/\/fundacionperiodismo.org\/premio-nacional-de-periodismo-con-perspectiva-de-genero\/wp-content\/uploads\/2025\/04\/a3.jpg\" alt=\"a3\" itemprop=\"image\" height=\"300\" width=\"500\" title=\"a3\" onerror=\"this.style.display='none'\"  \/>\n\t\t\t\t<\/a>\n<h5>\n\t\tHayde\u00e9 Bascop\u00e9 Guzm\u00e1n\n\t<\/h5>\n<h4>\n\t\tMujeres constructoras de Bolivia: \u00ab\u00a1Toda una vida de lucha!\u00bb\n\t<\/h4>\n\t<p>\u00abSe destacan las experiencias laborales de siete mujeres dedicadas al rubro de la construcci\u00f3n en diversas locaciones de Bolivia, sector tradicionalmente dominado por hombres. Representando al menos un 4.5% de las personas empleadas en \u00e9ste \u00e1mbito. Se abordan temas de discriminaci\u00f3n de g\u00e9nero, acoso laboral y sexual, as\u00ed como la brecha salarial que contrasta con la carga de responsabilidades dom\u00e9sticas que enfrentan estas mueres. <\/p>\n<p>Se presentan testimonios e iniciativas de organizaci\u00f3n colectiva y la respuesta ante la pandemia, adapt\u00e1ndose a nuevos emprendimientos buscando formas de sostenerse econ\u00f3micamente, adem\u00e1s de una menci\u00f3n a organizaciones promotoras de colectividades como Red H\u00e1bitat en La Paz y Procasha en Cochabamba. El cierre del art\u00edculo destaca la solidaridad y unidad entre mujeres constructoras para seguir adelante en su lucha por la igualdad y reconocimiento en el sector de la construcci\u00f3n.\u00bb<\/p>\nMedio de comunicaci\u00f3n:\u00a0<strong>Muy Waso<br \/>\n<\/strong>\n\t\t\t<a href=\"https:\/\/muywaso.com\/constructoras-en-bolivia-mujeres-que-construyen-y-deconstruyen\/\" target=\"_blank\" rel=\"noopener\">\n\t\t\t\t\t\t\tVER REPORTAJE\n\t\t\t\t\t<\/a>\n\n","protected":false},"excerpt":{"rendered":"<p>CATEGOR\u00cdA MEDIOS DIGITALES PRIMER LUGAR Aleja Cuevas Pacohuanca Licencias obligadas y retenci\u00f3n de salarios, formas para presionar a concejalas a renunciar \u00abEl reportaje \u00ab\u00bbLicencias obligadas y retenci\u00f3n de salarios, formas&hellip;<\/p>\n","protected":false},"author":1,"featured_media":0,"parent":0,"menu_order":0,"comment_status":"closed","ping_status":"closed","template":"","meta":{"footnotes":""},"class_list":["post-130","page","type-page","status-publish","hentry"],"_links":{"self":[{"href":"https:\/\/fundacionperiodismo.org\/premio-nacional-de-periodismo-con-perspectiva-de-genero\/wp-json\/wp\/v2\/pages\/130","targetHints":{"allow":["GET"]}}],"collection":[{"href":"https:\/\/fundacionperiodismo.org\/premio-nacional-de-periodismo-con-perspectiva-de-genero\/wp-json\/wp\/v2\/pages"}],"about":[{"href":"https:\/\/fundacionperiodismo.org\/premio-nacional-de-periodismo-con-perspectiva-de-genero\/wp-json\/wp\/v2\/types\/page"}],"author":[{"embeddable":true,"href":"https:\/\/fundacionperiodismo.org\/premio-nacional-de-periodismo-con-perspectiva-de-genero\/wp-json\/wp\/v2\/users\/1"}],"replies":[{"embeddable":true,"href":"https:\/\/fundacionperiodismo.org\/premio-nacional-de-periodismo-con-perspectiva-de-genero\/wp-json\/wp\/v2\/comments?post=130"}],"version-history":[{"count":5,"href":"https:\/\/fundacionperiodismo.org\/premio-nacional-de-periodismo-con-perspectiva-de-genero\/wp-json\/wp\/v2\/pages\/130\/revisions"}],"predecessor-version":[{"id":189,"href":"https:\/\/fundacionperiodismo.org\/premio-nacional-de-periodismo-con-perspectiva-de-genero\/wp-json\/wp\/v2\/pages\/130\/revisions\/189"}],"wp:attachment":[{"href":"https:\/\/fundacionperiodismo.org\/premio-nacional-de-periodismo-con-perspectiva-de-genero\/wp-json\/wp\/v2\/media?parent=130"}],"curies":[{"name":"wp","href":"https:\/\/api.w.org\/{rel}","templated":true}]}}