{"id":175,"date":"2025-04-03T15:55:06","date_gmt":"2025-04-03T15:55:06","guid":{"rendered":"https:\/\/fundacionperiodismo.org\/premio-nacional-de-periodismo-con-perspectiva-de-genero\/?page_id=175"},"modified":"2025-04-09T18:23:45","modified_gmt":"2025-04-09T18:23:45","slug":"organizadores","status":"publish","type":"page","link":"https:\/\/fundacionperiodismo.org\/premio-nacional-de-periodismo-con-perspectiva-de-genero\/organizadores\/","title":{"rendered":"Organizadores"},"content":{"rendered":"\n<h1>\n\t\tORGANIZADORES\n\t<\/h1>\n\t\t\t\t<img loading=\"lazy\" decoding=\"async\" src=\"https:\/\/fundacionperiodismo.org\/premio-nacional-de-periodismo-con-perspectiva-de-genero\/wp-content\/uploads\/2024\/02\/BANCOSOL-PRINCIPAL-LOGO-CMYK.png\" alt=\"BANCOSOL-PRINCIPAL-LOGO-CMYK\" itemprop=\"image\" height=\"450\" width=\"822\" title=\"BANCOSOL-PRINCIPAL-LOGO-CMYK\" onerror=\"this.style.display='none'\"  \/>\n\t<p><strong>BancoSol<\/strong>, desde hace 32 a\u00f1os, transforma vidas acompa\u00f1ando, de forma inclusiva, a quienes creen en un mejor futuro. A trav\u00e9s de su estrategia de sostenibilidad, el Banco trabaja para promover el progreso econ\u00f3mico y el desarrollo social inclusivo preservando el medio ambiente, siendo la igualdad de g\u00e9nero su prioridad estrat\u00e9gica. Para esta entidad l\u00edder en microfinanzas de Bolivia, la igualdad de g\u00e9nero no es solo un derecho fundamental, sino la base necesaria para alcanzar un mundo pr\u00f3spero y equitativo, siendo adem\u00e1s fundamental para el desarrollo sostenible. En ese marco, el Banco lleva adelante pr\u00e1cticas que promueve un entorno laboral diverso e inclusivo con igualdad de oportunidades y sin discriminaci\u00f3n, as\u00ed como iniciativas para impulsar los negocios liderados por mujeres emprendedoras aportando al cierre de brechas econ\u00f3micas, y contribuyendo a un mejor futuro.<\/p>\n\t\t\t\t<img loading=\"lazy\" decoding=\"async\" src=\"https:\/\/fundacionperiodismo.org\/premio-nacional-de-periodismo-con-perspectiva-de-genero\/wp-content\/uploads\/2024\/02\/Logo-horizontal-positivo-.png\" alt=\"Logo-horizontal-positivo-\" itemprop=\"image\" height=\"267\" width=\"730\" title=\"Logo-horizontal-positivo-\" onerror=\"this.style.display='none'\"  \/>\n\t<p>La <strong><u>Fundacio\u0301n para el Periodismo<\/u><\/strong> es una organizacio\u0301n sin fines de lucro creada el 2008 por periodistas bolivianos con el objetivo de mejorar la calidad de la democracia a trave\u0301s de un mejor ejercicio del periodismo. La institucio\u0301n es dirigida por un directorio integrado por destacados periodistas y personalidades del mundo acade\u0301mico.<\/p>\n<p>La institucio\u0301n trabaja para <strong>promover un periodismo con perspectiva de g\u00e9nero:<\/strong> La fundaci\u00f3n busca impulsar un periodismo inclusivo que contribuya a construir una sociedad m\u00e1s igualitaria, donde se reconozca la contribuci\u00f3n de las mujeres y se expongan las problem\u00e1ticas que afectan su desarrollo. Esto implica denunciar desigualdades, sesgos y violencia de g\u00e9nero, a la vez que se promueve el ejercicio de los derechos de las mujeres en igualdad de condiciones y su autonom\u00eda econ\u00f3mica.<\/p>\n\t\t\t\t<img loading=\"lazy\" decoding=\"async\" src=\"https:\/\/fundacionperiodismo.org\/premio-nacional-de-periodismo-con-perspectiva-de-genero\/wp-content\/uploads\/2025\/03\/onu-m.jpg\" alt=\"onu-m\" itemprop=\"image\" height=\"66\" width=\"253\" title=\"onu-m\" onerror=\"this.style.display='none'\"  \/>\n\t<p>ONU Mujeres es la organizaci\u00f3n de las\u00a0<a href=\"https:\/\/www.un.org\/es\/\">Naciones Unidas<\/a>\u00a0dedicada a promover la igualdad de g\u00e9nero y el empoderamiento de las mujeres. Como defensora mundial de mujeres y ni\u00f1as, ONU Mujeres fue establecida para acelerar el progreso que conllevar\u00e1 a mejorar las condiciones de vida de las mujeres y para responder a las\u00a0necesidades\u00a0que enfrentan en el mundo.<\/p>\n<p>ONU Mujeres apoya a los Estados Miembros de las Naciones Unidas en el establecimiento de normas internacionales para\u00a0lograr la igualdad de g\u00e9nero y trabaja con los gobiernos y la sociedad civil en la creaci\u00f3n de leyes, pol\u00edticas, programas y servicios necesarios para garantizar que se implementen los est\u00e1ndares con eficacia y que redunden en verdadero beneficio de las mujeres y las ni\u00f1as en todo el mundo. Trabaja mundialmente para que los\u00a0<a href=\"https:\/\/www.unwomen.org\/es\/what-we-do\/post-2015\">Objetivos de Desarrollo Sostenible<\/a>\u00a0sean una realidad para las mujeres y las ni\u00f1as, y promueve la participaci\u00f3n de las mujeres en igualdad de condiciones en todos los \u00e1mbitos de la vida. La Entidad se centra en cinco \u00e1reas prioritarias:<\/p>\n<ul>\n<li>aumentar el\u00a0<a href=\"https:\/\/www.unwomen.org\/es\/what-we-do\/leadership-and-political-participation\">liderazgo y la participaci\u00f3n de las mujeres<\/a>;<\/li>\n<li><a href=\"https:\/\/www.unwomen.org\/es\/what-we-do\/ending-violence-against-women\">poner fin a la violencia contra las mujeres<\/a>;<\/li>\n<li>implicar a las mujeres en todos los aspectos de los\u00a0<a href=\"https:\/\/www.unwomen.org\/es\/what-we-do\/peace-and-security\">procesos de paz y seguridad<\/a>;<\/li>\n<li>mejorar el\u00a0<a href=\"https:\/\/www.unwomen.org\/es\/what-we-do\/economic-empowerment\">empoderamiento econ\u00f3mico de las mujeres<\/a>;<\/li>\n<li>y hacer de la igualdad de g\u00e9nero un aspecto central en la\u00a0<a href=\"https:\/\/www.unwomen.org\/es\/what-we-do\/governance-and-national-planning\">planificaci\u00f3n y la elaboraci\u00f3n de presupuestos nacionales<\/a>\u00a0para el desarrollo.<\/li>\n<\/ul>\n<p>Asimismo, ONU Mujeres coordina y promueve el trabajo del sistema de las Naciones Unidas en pos de la igualdad de g\u00e9nero y en todos los debates y acuerdos relativos a la Agenda 2030. La Entidad trabaja para lograr un mundo m\u00e1s inclusivo con la<\/p>\n\n","protected":false},"excerpt":{"rendered":"<p>ORGANIZADORES BancoSol, desde hace 32 a\u00f1os, transforma vidas acompa\u00f1ando, de forma inclusiva, a quienes creen en un mejor futuro. A trav\u00e9s de su estrategia de sostenibilidad, el Banco trabaja para&hellip;<\/p>\n","protected":false},"author":1,"featured_media":0,"parent":0,"menu_order":0,"comment_status":"closed","ping_status":"closed","template":"","meta":{"footnotes":""},"class_list":["post-175","page","type-page","status-publish","hentry"],"_links":{"self":[{"href":"https:\/\/fundacionperiodismo.org\/premio-nacional-de-periodismo-con-perspectiva-de-genero\/wp-json\/wp\/v2\/pages\/175","targetHints":{"allow":["GET"]}}],"collection":[{"href":"https:\/\/fundacionperiodismo.org\/premio-nacional-de-periodismo-con-perspectiva-de-genero\/wp-json\/wp\/v2\/pages"}],"about":[{"href":"https:\/\/fundacionperiodismo.org\/premio-nacional-de-periodismo-con-perspectiva-de-genero\/wp-json\/wp\/v2\/types\/page"}],"author":[{"embeddable":true,"href":"https:\/\/fundacionperiodismo.org\/premio-nacional-de-periodismo-con-perspectiva-de-genero\/wp-json\/wp\/v2\/users\/1"}],"replies":[{"embeddable":true,"href":"https:\/\/fundacionperiodismo.org\/premio-nacional-de-periodismo-con-perspectiva-de-genero\/wp-json\/wp\/v2\/comments?post=175"}],"version-history":[{"count":9,"href":"https:\/\/fundacionperiodismo.org\/premio-nacional-de-periodismo-con-perspectiva-de-genero\/wp-json\/wp\/v2\/pages\/175\/revisions"}],"predecessor-version":[{"id":207,"href":"https:\/\/fundacionperiodismo.org\/premio-nacional-de-periodismo-con-perspectiva-de-genero\/wp-json\/wp\/v2\/pages\/175\/revisions\/207"}],"wp:attachment":[{"href":"https:\/\/fundacionperiodismo.org\/premio-nacional-de-periodismo-con-perspectiva-de-genero\/wp-json\/wp\/v2\/media?parent=175"}],"curies":[{"name":"wp","href":"https:\/\/api.w.org\/{rel}","templated":true}]}}