{"id":178,"date":"2025-04-03T15:56:30","date_gmt":"2025-04-03T15:56:30","guid":{"rendered":"https:\/\/fundacionperiodismo.org\/premio-nacional-de-periodismo-con-perspectiva-de-genero\/?page_id=178"},"modified":"2025-05-21T15:27:28","modified_gmt":"2025-05-21T15:27:28","slug":"jurados","status":"publish","type":"page","link":"https:\/\/fundacionperiodismo.org\/premio-nacional-de-periodismo-con-perspectiva-de-genero\/jurados\/","title":{"rendered":"Jurados"},"content":{"rendered":"\n<h1>\n\t\tJURADOS 2024\n\t<\/h1>\n<h3>\n\t\tCATEGOR\u00cdA MEDIOS DIGITALES\n\t<\/h3>\n\t<p><strong>Mariana Iglesias<\/strong><\/p>\n<p>Editora de G\u00e9nero en el Clar\u00edn &#8211; Argentina<\/p>\n\t<p>Es Licenciada en Ciencias de Comunicaci\u00f3n. Desde 1996 trabaja como periodista en el diario Clar\u00edn. En 2018 pidi\u00f3 que se creara el cargo de Editora de G\u00e9nero. Forma parte de la Red de Editoras de G\u00e9nero de Argentina, creada por Naciones Unidas. <\/p>\n\t\t\t\t<img loading=\"lazy\" decoding=\"async\" src=\"https:\/\/fundacionperiodismo.org\/premio-nacional-de-periodismo-con-perspectiva-de-genero\/wp-content\/uploads\/2025\/04\/WhatsApp-Image-2025-04-09-at-14.15.38.jpeg\" alt=\"WhatsApp Image 2025-04-09 at 14.15.38\" itemprop=\"image\" height=\"417\" width=\"417\" title=\"WhatsApp Image 2025-04-09 at 14.15.38\" onerror=\"this.style.display='none'\"  \/>\n\t<p><strong>Mar\u00eda Silvia Trigo<\/strong><\/p>\n<p>Periodista de investigaci\u00f3n y especialista en tema de g\u00e9nero<\/p>\n\t<p>Periodista con formaci\u00f3n en investigaci\u00f3n y fact checking, actualmente es stringer del New York Times en Bolivia. Ha sido editora en jefe de Bolivia Verifica.<\/p>\n\t\t\t\t<img loading=\"lazy\" decoding=\"async\" src=\"https:\/\/fundacionperiodismo.org\/premio-nacional-de-periodismo-con-perspectiva-de-genero\/wp-content\/uploads\/2025\/04\/WhatsApp-Image-2025-04-09-at-14.15.38-1-e1744224315885.jpeg\" alt=\"WhatsApp Image 2025-04-09 at 14.15.38 (1)\" itemprop=\"image\" height=\"251\" width=\"281\" title=\"WhatsApp Image 2025-04-09 at 14.15.38 (1)\" onerror=\"this.style.display='none'\"  \/>\n\t<p><strong>Nidya Pes\u00e1ntez<\/strong><\/p>\n<p>Representante residente de ONU MUJERES en BOLIVIA<\/p>\n\t<p>Representante residente de ONU MUJERES en BOLIVIA. Cuenta con m\u00e1s de 25 a\u00f1os de experiencia en defensa de los derechos humanos, derechos de las mujeres y en la acci\u00f3n por el desarrollo de los pueblos.<\/p>\n\t\t\t\t<img loading=\"lazy\" decoding=\"async\" src=\"https:\/\/fundacionperiodismo.org\/premio-nacional-de-periodismo-con-perspectiva-de-genero\/wp-content\/uploads\/2025\/04\/WhatsApp-Image-2025-04-09-at-14.15.38-4.jpeg\" alt=\"WhatsApp Image 2025-04-09 at 14.15.38 (4)\" itemprop=\"image\" height=\"475\" width=\"460\" title=\"WhatsApp Image 2025-04-09 at 14.15.38 (4)\" onerror=\"this.style.display='none'\"  \/>\n<h3>\n\t\tCATEGOR\u00cdA TELEVISI\u00d3N\n\t<\/h3>\n\t<p><strong>Amparo Canedo Guzm\u00e1n<\/strong><\/p>\n<p>Directora y periodista del medio digital Guardiana<\/p>\n\t<p>Directora del medio digital Guardiana y cofundadora de la Fundaci\u00f3n para el Periodismo. Adem\u00e1s de periodista desde 1989, es licenciada en Literatura y mag\u00edster en Comunicaci\u00f3n Estrat\u00e9gica. Ha trabajado en ocho medios de informaci\u00f3n en Bolivia, siendo directora en tres de ellos. Docente en pregrado y posgrado en periodismo de investigaci\u00f3n.<\/p>\n\t\t\t\t<img loading=\"lazy\" decoding=\"async\" src=\"https:\/\/fundacionperiodismo.org\/premio-nacional-de-periodismo-con-perspectiva-de-genero\/wp-content\/uploads\/2025\/04\/WhatsApp-Image-2025-04-09-at-14.15.38-2.jpeg\" alt=\"WhatsApp Image 2025-04-09 at 14.15.38 (2)\" itemprop=\"image\" height=\"308\" width=\"308\" title=\"WhatsApp Image 2025-04-09 at 14.15.38 (2)\" onerror=\"this.style.display='none'\"  \/>\n\t<p><strong>Patricia Flores<\/strong><\/p>\n<p>Comunicadora especialista en g\u00e9nero<\/p>\n\t<p>Comunicadora Social, investigadora con \u00e9nfasis en derechos humano y feminista queer.<\/p>\n\t\t\t\t<img loading=\"lazy\" decoding=\"async\" src=\"https:\/\/fundacionperiodismo.org\/premio-nacional-de-periodismo-con-perspectiva-de-genero\/wp-content\/uploads\/2025\/04\/WhatsApp-Image-2025-04-09-at-14.15.38-5.jpeg\" alt=\"WhatsApp Image 2025-04-09 at 14.15.38 (5)\" itemprop=\"image\" height=\"331\" width=\"371\" title=\"WhatsApp Image 2025-04-09 at 14.15.38 (5)\" onerror=\"this.style.display='none'\"  \/>\n\t<p><strong>\u00c1ngel Careaga<\/strong><\/p>\n<p>Periodista especializado en temas de g\u00e9nero<\/p>\n\t<p>Periodista, actor, presentador de televisi\u00f3n, locutor de radio y psic\u00f3logo.<\/p>\n\t\t\t\t<img loading=\"lazy\" decoding=\"async\" src=\"https:\/\/fundacionperiodismo.org\/premio-nacional-de-periodismo-con-perspectiva-de-genero\/wp-content\/uploads\/2025\/04\/WhatsApp-Image-2025-04-09-at-14.15.38-6.jpeg\" alt=\"WhatsApp Image 2025-04-09 at 14.15.38 (6)\" itemprop=\"image\" height=\"298\" width=\"298\" title=\"WhatsApp Image 2025-04-09 at 14.15.38 (6)\" onerror=\"this.style.display='none'\"  \/>\n<h3>\n\t\tCATEGOR\u00cdA RADIO\n\t<\/h3>\n\t<p><strong>Guimer Zambrana<\/strong><\/p>\n<p>Periodista de radio e investigador<\/p>\n\t<p>Periodista trabajo en Radio Yungas ERBOL, FIDES, Presencia y La Raz\u00f3n. Fue docente del Programa Nacional de Formaci\u00f3n Universitaria en Comunicaci\u00f3n Radiof\u00f3nica a cargo de ERBOL.<\/p>\n<p>Trabaja en el Programa de Apoyo a la Democracia Municipal (PADEM) con apoyo de la Cooperaci\u00f3n Suiza en Bolivia.<\/p>\n\t\t\t\t<img loading=\"lazy\" decoding=\"async\" src=\"https:\/\/fundacionperiodismo.org\/premio-nacional-de-periodismo-con-perspectiva-de-genero\/wp-content\/uploads\/2025\/04\/WhatsApp-Image-2025-04-09-at-14.15.38-7.jpeg\" alt=\"WhatsApp Image 2025-04-09 at 14.15.38 (7)\" itemprop=\"image\" height=\"235\" width=\"256\" title=\"WhatsApp Image 2025-04-09 at 14.15.38 (7)\" onerror=\"this.style.display='none'\"  \/>\n\t<p><strong>Luc\u00eda Sauma<\/strong><\/p>\n<p>Periodista especialista en producci\u00f3n radiof\u00f3nica y g\u00e9nero<\/p>\n\t<p>Periodista e Investigadora es especialista en producci\u00f3n radiof\u00f3nica y g\u00e9nero y exdirectora de varios medios de comunicaci\u00f3n radiales.<\/p>\n\t\t\t\t<img decoding=\"async\" src=\"https:\/\/fundacionperiodismo.org\/premio-nacional-de-periodismo-con-perspectiva-de-genero\/wp-content\/uploads\/2025\/04\/WhatsApp-Image-2025-04-09-at-14.15.38-8.jpeg\" alt=\"WhatsApp Image 2025-04-09 at 14.15.38 (8)\" itemprop=\"image\" title=\"WhatsApp Image 2025-04-09 at 14.15.38 (8)\" onerror=\"this.style.display='none'\"  \/>\n\t<p><strong>Te\u00f3fila Guarach<\/strong><\/p>\n<p>Especialista en Abogac\u00eda y Comunicaci\u00f3n en ONU Mujeres.<\/p>\n\t<p>Especialista en Abogac\u00eda y Comunicaci\u00f3n de la Entidad de las Naciones Unidas para la Igualdad de G\u00e9nero y el Empoderamiento de las Mujeres ONU Mujeres.<\/p>\n\t\t\t\t<img loading=\"lazy\" decoding=\"async\" src=\"https:\/\/fundacionperiodismo.org\/premio-nacional-de-periodismo-con-perspectiva-de-genero\/wp-content\/uploads\/2025\/04\/WhatsApp-Image-2025-04-09-at-14.15.38-9.jpeg\" alt=\"WhatsApp Image 2025-04-09 at 14.15.38 (9)\" itemprop=\"image\" height=\"296\" width=\"296\" title=\"WhatsApp Image 2025-04-09 at 14.15.38 (9)\" onerror=\"this.style.display='none'\"  \/>\n<h3>\n\t\tCATEGOR\u00cdA PRENSA ESCRITA\n\t<\/h3>\n\t<p><strong>M\u00f3nica Novillo<\/strong><\/p>\n<p>Comunicadora social y coordinadora de proyecto en ONU Mujeres<\/p>\n\t<p>Comunicadora social feminista, trabaj\u00f3 en varios medios de comunicaci\u00f3n de cobertura local y nacional en Bolivia. Tiene estudios de postgrado en G\u00e9nero y Pol\u00edticas P\u00fablicas. Trabaj\u00f3 en ONG en temas de promoci\u00f3n y defensa de los derechos de las mujeres y es coordinadora de proyecto en ONU Mujeres.<\/p>\n\t\t\t\t<img decoding=\"async\" src=\"https:\/\/fundacionperiodismo.org\/premio-nacional-de-periodismo-con-perspectiva-de-genero\/wp-content\/uploads\/2025\/04\/WhatsApp-Image-2025-04-09-at-14.15.38-10-e1744225393479.jpeg\" alt=\"WhatsApp-Image-2025-04-09-at-14.15.38-10-e1744225393479.jpeg\" itemprop=\"image\" title=\"WhatsApp-Image-2025-04-09-at-14.15.38-10-e1744225393479.jpeg\" onerror=\"this.style.display='none'\"  \/>\n\t<p><strong>Abdel Padilla<\/strong><\/p>\n<p>Periodista transmedia y docente universitario<\/p>\n\t<p>Periodista y docente universitario. Especialista en periodismo transmedia y comunicaci\u00f3n para el desarrollo. Fue parte de varios medios de comunicaci\u00f3n de cobertura nacional y corresponsal internacional.<\/p>\n\t\t\t\t<img decoding=\"async\" src=\"https:\/\/fundacionperiodismo.org\/premio-nacional-de-periodismo-con-perspectiva-de-genero\/jurados\/whatsapp-image-2025-04-09-at-14-15-38-11\/\" alt=\"whatsapp-image-2025-04-09-at-14-15-38-11\" itemprop=\"image\" title=\"whatsapp-image-2025-04-09-at-14-15-38-11\" onerror=\"this.style.display='none'\"  \/>\n\t<p><strong>Maggy Talavera<\/strong><\/p>\n<p>Periodista y presidenta de la Asociaci\u00f3n de Periodistas de Santa Cruz<\/p>\n\t<p>Presidenta de la Asociaci\u00f3n de Periodistas de Santa Cruz. Desde hace 39 a\u00f1os es periodista, formada en la Universidad Federal de Rio Grande do Sul, Porto Alegre, Brasil. Dirige el medio digital PeriodismoSinPhotoshop. Premio Nacional de Periodismo 2022<\/p>\n\t\t\t\t<img loading=\"lazy\" decoding=\"async\" src=\"https:\/\/fundacionperiodismo.org\/premio-nacional-de-periodismo-con-perspectiva-de-genero\/wp-content\/uploads\/2025\/04\/WhatsApp-Image-2025-04-09-at-14.15.38-3.jpeg\" alt=\"WhatsApp Image 2025-04-09 at 14.15.38 (3)\" itemprop=\"image\" height=\"400\" width=\"458\" title=\"WhatsApp Image 2025-04-09 at 14.15.38 (3)\" onerror=\"this.style.display='none'\"  \/>\n\t\t\t\t<a href=\"https:\/\/fundacionperiodismo.org\/premio-nacional-de-periodismo-con-perspectiva-de-genero\/wp-content\/uploads\/2025\/04\/WhatsApp-Image-2025-04-09-at-14.14.18.jpeg\"  target=\"_self\" itemprop=\"url\">\n\t\t\t\t<img loading=\"lazy\" decoding=\"async\" src=\"https:\/\/fundacionperiodismo.org\/premio-nacional-de-periodismo-con-perspectiva-de-genero\/wp-content\/uploads\/2025\/04\/WhatsApp-Image-2025-04-09-at-14.14.18.jpeg\" alt=\"WhatsApp Image 2025-04-09 at 14.14.18\" itemprop=\"image\" height=\"1200\" width=\"1200\" title=\"WhatsApp Image 2025-04-09 at 14.14.18\" onerror=\"this.style.display='none'\"  \/>\n\t\t\t\t<\/a>\n\t\t\t\t<a href=\"https:\/\/fundacionperiodismo.org\/premio-nacional-de-periodismo-con-perspectiva-de-genero\/wp-content\/uploads\/2025\/04\/WhatsApp-Image-2025-04-09-at-14.14.18-1.jpeg\"  target=\"_self\" itemprop=\"url\">\n\t\t\t\t<img loading=\"lazy\" decoding=\"async\" src=\"https:\/\/fundacionperiodismo.org\/premio-nacional-de-periodismo-con-perspectiva-de-genero\/wp-content\/uploads\/2025\/04\/WhatsApp-Image-2025-04-09-at-14.14.18-1.jpeg\" alt=\"WhatsApp Image 2025-04-09 at 14.14.18 (1)\" itemprop=\"image\" height=\"1200\" width=\"1200\" title=\"WhatsApp Image 2025-04-09 at 14.14.18 (1)\" onerror=\"this.style.display='none'\"  \/>\n\t\t\t\t<\/a>\n\t\t\t\t<a href=\"https:\/\/fundacionperiodismo.org\/premio-nacional-de-periodismo-con-perspectiva-de-genero\/wp-content\/uploads\/2025\/04\/WhatsApp-Image-2025-04-09-at-14.14.20.jpeg\"  target=\"_self\" itemprop=\"url\">\n\t\t\t\t<img loading=\"lazy\" decoding=\"async\" src=\"https:\/\/fundacionperiodismo.org\/premio-nacional-de-periodismo-con-perspectiva-de-genero\/wp-content\/uploads\/2025\/04\/WhatsApp-Image-2025-04-09-at-14.14.20.jpeg\" alt=\"WhatsApp Image 2025-04-09 at 14.14.20\" itemprop=\"image\" height=\"1200\" width=\"1200\" title=\"WhatsApp Image 2025-04-09 at 14.14.20\" onerror=\"this.style.display='none'\"  \/>\n\t\t\t\t<\/a>\n\t\t\t\t<a href=\"https:\/\/fundacionperiodismo.org\/premio-nacional-de-periodismo-con-perspectiva-de-genero\/wp-content\/uploads\/2025\/04\/WhatsApp-Image-2025-04-09-at-14.14.19.jpeg\"  target=\"_self\" itemprop=\"url\">\n\t\t\t\t<img loading=\"lazy\" decoding=\"async\" src=\"https:\/\/fundacionperiodismo.org\/premio-nacional-de-periodismo-con-perspectiva-de-genero\/wp-content\/uploads\/2025\/04\/WhatsApp-Image-2025-04-09-at-14.14.19.jpeg\" alt=\"WhatsApp Image 2025-04-09 at 14.14.19\" itemprop=\"image\" height=\"1200\" width=\"1200\" title=\"WhatsApp Image 2025-04-09 at 14.14.19\" onerror=\"this.style.display='none'\"  \/>\n\t\t\t\t<\/a>\n\n","protected":false},"excerpt":{"rendered":"<p>JURADOS 2024 CATEGOR\u00cdA MEDIOS DIGITALES Mariana Iglesias Editora de G\u00e9nero en el Clar\u00edn &#8211; Argentina Es Licenciada en Ciencias de Comunicaci\u00f3n. Desde 1996 trabaja como periodista en el diario Clar\u00edn.&hellip;<\/p>\n","protected":false},"author":1,"featured_media":0,"parent":0,"menu_order":0,"comment_status":"closed","ping_status":"closed","template":"","meta":{"footnotes":""},"class_list":["post-178","page","type-page","status-publish","hentry"],"_links":{"self":[{"href":"https:\/\/fundacionperiodismo.org\/premio-nacional-de-periodismo-con-perspectiva-de-genero\/wp-json\/wp\/v2\/pages\/178","targetHints":{"allow":["GET"]}}],"collection":[{"href":"https:\/\/fundacionperiodismo.org\/premio-nacional-de-periodismo-con-perspectiva-de-genero\/wp-json\/wp\/v2\/pages"}],"about":[{"href":"https:\/\/fundacionperiodismo.org\/premio-nacional-de-periodismo-con-perspectiva-de-genero\/wp-json\/wp\/v2\/types\/page"}],"author":[{"embeddable":true,"href":"https:\/\/fundacionperiodismo.org\/premio-nacional-de-periodismo-con-perspectiva-de-genero\/wp-json\/wp\/v2\/users\/1"}],"replies":[{"embeddable":true,"href":"https:\/\/fundacionperiodismo.org\/premio-nacional-de-periodismo-con-perspectiva-de-genero\/wp-json\/wp\/v2\/comments?post=178"}],"version-history":[{"count":10,"href":"https:\/\/fundacionperiodismo.org\/premio-nacional-de-periodismo-con-perspectiva-de-genero\/wp-json\/wp\/v2\/pages\/178\/revisions"}],"predecessor-version":[{"id":234,"href":"https:\/\/fundacionperiodismo.org\/premio-nacional-de-periodismo-con-perspectiva-de-genero\/wp-json\/wp\/v2\/pages\/178\/revisions\/234"}],"wp:attachment":[{"href":"https:\/\/fundacionperiodismo.org\/premio-nacional-de-periodismo-con-perspectiva-de-genero\/wp-json\/wp\/v2\/media?parent=178"}],"curies":[{"name":"wp","href":"https:\/\/api.w.org\/{rel}","templated":true}]}}