{"id":249,"date":"2025-05-20T19:41:13","date_gmt":"2025-05-20T19:41:13","guid":{"rendered":"https:\/\/fundacionperiodismo.org\/premio-nacional-de-periodismo-con-perspectiva-de-genero\/?page_id=249"},"modified":"2025-05-20T21:08:20","modified_gmt":"2025-05-20T21:08:20","slug":"prensa-escrita-2025","status":"publish","type":"page","link":"https:\/\/fundacionperiodismo.org\/premio-nacional-de-periodismo-con-perspectiva-de-genero\/prensa-escrita-2025\/","title":{"rendered":"Prensa Escrita 2025"},"content":{"rendered":"\n<h1>\n\t\tCATEGOR\u00cdA PRENSA ESCRITA\n\t<\/h1>\n<h3>\n\t\tPRIMER LUGAR\n\t<\/h3>\n\t\t\t\t<a href=\"https:\/\/elpais.bo\/reportajes\/20250414_entre-el-acoso-y-el-poder-ser-mujer-y-joven-un-error-en-la-politica.html?fbclid=IwY2xjawJrPixleHRuA2FlbQIxMQABHunzhdXRuV7kInVjfQGkHETKsiGGUryJg7E_9qc0IKZui32DVeenr6Z62Uoh_aem_lJrA3LczZ7n8dDSK-OgxxQ\"  target=\"_blank\" rel=\"noopener\"  itemprop=\"url\">\n\t\t\t\t<img loading=\"lazy\" decoding=\"async\" src=\"https:\/\/fundacionperiodismo.org\/premio-nacional-de-periodismo-con-perspectiva-de-genero\/wp-content\/uploads\/2025\/05\/1bc91f9a-41fa-4a7b-b89c-9581169bfa31-e1747775132237.jpg\" alt=\"1bc91f9a-41fa-4a7b-b89c-9581169bfa31\" itemprop=\"image\" height=\"300\" width=\"499\" title=\"1bc91f9a-41fa-4a7b-b89c-9581169bfa31\" onerror=\"this.style.display='none'\"  \/>\n\t\t\t\t<\/a>\n<h5>\n\t\tErnesto Prado y Leonel Su\u00e1rez\n\t<\/h5>\n<h4>\n\t\tEntre el acoso y el poder: Ser mujer y joven, un \u00aberror\u00bb en la pol\u00edtica\n\t<\/h4>\n\tSer mujer y joven en la pol\u00edtica boliviana sigue siendo un acto de valent\u00eda. Yesenia Yarhui lo vivi\u00f3 en carne propia en 2015, cuando con apenas 19 a\u00f1os se convirti\u00f3 en la diputada m\u00e1s joven de Bolivia y le cerraron la puerta en su primer d\u00eda de funciones. Como ella, cientos de mujeres enfrentan a diario una violencia pol\u00edtica que va m\u00e1s all\u00e1 de las leyes que prometen igualdad.<br \/>\nAunque la Constituci\u00f3n y las normativas de paridad y alternancia han logrado mayor presencia femenina en cargos legislativos, los espacios de decisi\u00f3n siguen controlados por varones. Y cuando una mujer levanta la voz, fiscaliza o lidera, enfrenta acoso, burlas, chantajes e incluso amenazas de muerte.<br \/>\nSe normaliza excluirlas de reuniones, condicionarlas con favores, sexualizarlas en redes sociales o viralizar montajes para desprestigiarlas. En Bolivia, entre 2012 y 2022, solo seis de 538 denuncias por violencia pol\u00edtica llegaron a sentencia. Un sistema que calla y una sociedad que permite.<br \/>\nSeis mujeres l\u00edderes compartieron sus historias en este reportaje, evidenciando que la violencia pol\u00edtica no empieza en el cargo, sino desde que se atreven a so\u00f1ar con \u00e9l. Ese \u00abnosotras\u00bb es el coraz\u00f3n de este reportaje. Es la puerta que le cerraron a Yesenia, pero que hoy se abre para todas.<br \/>\nCuando la violencia las quiere callar, ellas responden con presencia. Cuando las redes se vuelven campo de batalla, ellas siguen hablando. Cuando les dicen que no pertenecen, ellas recuerdan que ya est\u00e1n ah\u00ed, que ese lugar tambi\u00e9n es suyo.\n<p>Medio de comunicaci\u00f3n: <strong>El Pais <\/strong><\/p>\n\t\t\t<a href=\"https:\/\/elpais.bo\/reportajes\/20250414_entre-el-acoso-y-el-poder-ser-mujer-y-joven-un-error-en-la-politica.html?fbclid=IwY2xjawJrPixleHRuA2FlbQIxMQABHunzhdXRuV7kInVjfQGkHETKsiGGUryJg7E_9qc0IKZui32DVeenr6Z62Uoh_aem_lJrA3LczZ7n8dDSK-OgxxQ\" target=\"_blank\" rel=\"noopener\">\n\t\t\t\t\t\t\tVER REPORTAJE\n\t\t\t\t\t<\/a>\n<h3>\n\t\tSEGUNDO LUGAR\n\t<\/h3>\n\t\t\t\t<a href=\"https:\/\/www.opinion.com.bo\/articulo\/escena-del-crimen\/nadia-victima-violacion-sistema-que-fallo-protegerla\/20250406000007969817.html\"  target=\"_blank\" rel=\"noopener\"  itemprop=\"url\">\n\t\t\t\t<img loading=\"lazy\" decoding=\"async\" src=\"https:\/\/fundacionperiodismo.org\/premio-nacional-de-periodismo-con-perspectiva-de-genero\/wp-content\/uploads\/2025\/05\/2025040519351142863-e1747775214751.webp\" alt=\"2025040519351142863\" itemprop=\"image\" height=\"300\" width=\"500\" title=\"2025040519351142863\" onerror=\"this.style.display='none'\"  \/>\n\t\t\t\t<\/a>\n<h5>\n\t\tMariela Coss\u00edo Mercado\n\t<\/h5>\n<h4>\n\t\tNadia: una v\u00edctima de violaci\u00f3n y del sistema que fall\u00f3 en protegerla\n\t<\/h4>\n\t<p>Este reportaje expone el caso de Nadia, una periodista de 25 a\u00f1os que fue v\u00edctima de una violaci\u00f3n perpetrada por alguien de su c\u00edrculo de confianza. A ello se sum\u00f3 la violencia institucional: un sistema que no solo fall\u00f3 en brindarle justicia, sino que la culpabiliz\u00f3 y la revictimiz\u00f3, y sin asistencia psicol\u00f3gica. La acumulaci\u00f3n de estas violencias deriv\u00f3 en una profunda depresi\u00f3n que culmin\u00f3 con su muerte.<\/p>\nMedio de comunicaci\u00f3n: <strong>OPINI\u00d3N<br \/>\n<\/strong>\n\t\t\t<a href=\"https:\/\/www.opinion.com.bo\/articulo\/escena-del-crimen\/nadia-victima-violacion-sistema-que-fallo-protegerla\/20250406000007969817.html\" target=\"_blank\" rel=\"noopener\">\n\t\t\t\t\t\t\tVER REPORTAJE\n\t\t\t\t\t<\/a>\n<h3>\n\t\tTERCER LUGAR\n\t<\/h3>\n\t\t\t\t<a href=\"https:\/\/elpais.bo\/reportajes\/20250420_heridas-que-no-sanan-partos-que-dejan-marcas-de-por-vida.html\"  target=\"_blank\" rel=\"noopener\"  itemprop=\"url\">\n\t\t\t\t<img loading=\"lazy\" decoding=\"async\" src=\"https:\/\/fundacionperiodismo.org\/premio-nacional-de-periodismo-con-perspectiva-de-genero\/wp-content\/uploads\/2025\/05\/30d966ca-83cb-48a8-9452-cae4d612fd52-e1747774982258.jpg\" alt=\"30d966ca-83cb-48a8-9452-cae4d612fd52\" itemprop=\"image\" height=\"300\" width=\"500\" title=\"30d966ca-83cb-48a8-9452-cae4d612fd52\" onerror=\"this.style.display='none'\"  \/>\n\t\t\t\t<\/a>\n<h5>\n\t\tYenny Escalante Flores y Yobana Graciela Knaudt\n\t<\/h5>\n<h4>\n\t\tHeridas que no sanan: partos que dejan marcas de por vida\n\t<\/h4>\n\t<p>\u00ab\u00bb\u00bbHeridas que no sanan: partos que dejan marcas de por vida\u00bb\u00bb es un reportaje que pone en evidencia la violencia obst\u00e9trica como una forma espec\u00edfica de violencia de g\u00e9nero ejercida contra las mujeres en Bolivia. A trav\u00e9s de los testimonios profundamente conmovedores de Janeth, Carola, Edith y Juan Manuel, el texto revela c\u00f3mo las negligencias m\u00e9dicas durante el embarazo, parto y postparto han provocado discapacidades irreversibles en hijas e hijos, dejando huellas f\u00edsicas, emocionales y sociales en las familias, pero especialmente en las mujeres.<\/p>\n<p>El reportaje denuncia la falta de protocolos con enfoque de derechos humanos y la impunidad que encubre estas pr\u00e1cticas bajo el discurso de \u00abcomplicaciones m\u00e9dicas\u00bb. Destaca que el 59,8% de mujeres que han estado embarazadas han vivido situaciones de maltrato institucional, vulneraci\u00f3n de su autonom\u00eda y violencia f\u00edsica o psicol\u00f3gica en el sistema de salud. La ausencia de cifras oficiales sobre discapacidades ocasionadas por negligencia m\u00e9dica invisibiliza a\u00fan m\u00e1s esta problem\u00e1tica.<\/p>\n<p>La investigaci\u00f3n interpela al Estado y al sistema sanitario desde una mirada cr\u00edtica, que reconoce la reproducci\u00f3n del machismo en la formaci\u00f3n m\u00e9dica, en la atenci\u00f3n hospitalaria y en la falta de acceso a la justicia. Esta realidad, que se traduce en cuerpos marcados, maternidades rotas y silencios obligados, exige ser visibilizada y transformada desde una perspectiva de g\u00e9nero y derechos humanos.\u00bb<\/p>\nMedio de comunicaci\u00f3n:\u00a0<strong>El Pa\u00eds de Tarija<br \/>\n<\/strong>\n\t\t\t<a href=\"https:\/\/elpais.bo\/reportajes\/20250420_heridas-que-no-sanan-partos-que-dejan-marcas-de-por-vida.html\" target=\"_blank\" rel=\"noopener\">\n\t\t\t\t\t\t\tVER REPORTAJE\n\t\t\t\t\t<\/a>\n\n","protected":false},"excerpt":{"rendered":"<p>CATEGOR\u00cdA PRENSA ESCRITA PRIMER LUGAR Ernesto Prado y Leonel Su\u00e1rez Entre el acoso y el poder: Ser mujer y joven, un \u00aberror\u00bb en la pol\u00edtica Ser mujer y joven en&hellip;<\/p>\n","protected":false},"author":1,"featured_media":0,"parent":0,"menu_order":0,"comment_status":"closed","ping_status":"closed","template":"","meta":{"footnotes":""},"class_list":["post-249","page","type-page","status-publish","hentry"],"_links":{"self":[{"href":"https:\/\/fundacionperiodismo.org\/premio-nacional-de-periodismo-con-perspectiva-de-genero\/wp-json\/wp\/v2\/pages\/249","targetHints":{"allow":["GET"]}}],"collection":[{"href":"https:\/\/fundacionperiodismo.org\/premio-nacional-de-periodismo-con-perspectiva-de-genero\/wp-json\/wp\/v2\/pages"}],"about":[{"href":"https:\/\/fundacionperiodismo.org\/premio-nacional-de-periodismo-con-perspectiva-de-genero\/wp-json\/wp\/v2\/types\/page"}],"author":[{"embeddable":true,"href":"https:\/\/fundacionperiodismo.org\/premio-nacional-de-periodismo-con-perspectiva-de-genero\/wp-json\/wp\/v2\/users\/1"}],"replies":[{"embeddable":true,"href":"https:\/\/fundacionperiodismo.org\/premio-nacional-de-periodismo-con-perspectiva-de-genero\/wp-json\/wp\/v2\/comments?post=249"}],"version-history":[{"count":3,"href":"https:\/\/fundacionperiodismo.org\/premio-nacional-de-periodismo-con-perspectiva-de-genero\/wp-json\/wp\/v2\/pages\/249\/revisions"}],"predecessor-version":[{"id":273,"href":"https:\/\/fundacionperiodismo.org\/premio-nacional-de-periodismo-con-perspectiva-de-genero\/wp-json\/wp\/v2\/pages\/249\/revisions\/273"}],"wp:attachment":[{"href":"https:\/\/fundacionperiodismo.org\/premio-nacional-de-periodismo-con-perspectiva-de-genero\/wp-json\/wp\/v2\/media?parent=249"}],"curies":[{"name":"wp","href":"https:\/\/api.w.org\/{rel}","templated":true}]}}